{"id":2470,"date":"2025-02-24T16:37:50","date_gmt":"2025-02-24T15:37:50","guid":{"rendered":"https:\/\/associata-ev.de\/verein\/?page_id=2470"},"modified":"2025-02-26T14:44:07","modified_gmt":"2025-02-26T13:44:07","slug":"mitgliedsantrag","status":"publish","type":"page","link":"https:\/\/associata-ev.de\/verein\/mitgliedsantrag\/","title":{"rendered":"Mitgliedsantrag"},"content":{"rendered":"\n<p>Ich unterst\u00fctze die Arbeit des Vereins als<\/p>\n\n\n<div class=\"forminator-ui forminator-custom-form forminator-custom-form-2498 forminator-design--default forminator-enclosed forminator_ajax\" data-forminator-render=\"0\" data-form=\"forminator-module-2498\" data-uid=\"69e1ff6949f9c\"><br\/><\/div><form\n\t\t\t\tid=\"forminator-module-2498\"\n\t\t\t\tclass=\"forminator-ui forminator-custom-form forminator-custom-form-2498 forminator-design--default forminator-enclosed forminator_ajax\"\n\t\t\t\tmethod=\"post\"\n\t\t\t\tdata-forminator-render=\"0\"\n\t\t\t\tdata-form-id=\"2498\"\n\t\t\t\t data-color-option=\"theme\" data-design=\"default\" data-grid=\"enclosed\" style=\"display: none;\"\n\t\t\t\tdata-uid=\"69e1ff6949f9c\"\n\t\t\t><div role=\"alert\" aria-live=\"polite\" class=\"forminator-response-message forminator-error\" aria-hidden=\"true\"><\/div><div class=\"forminator-row\"><div id=\"checkbox-1\" class=\"forminator-field-checkbox forminator-col forminator-col-12 \"><div role=\"group\" class=\"forminator-field\" aria-labelledby=\"forminator-checkbox-group-forminator-field-checkbox-1-69e1ff6949f9c-label\"><label id=\"forminator-field-checkbox-1-1-69e1ff6949f9c-label\" for=\"forminator-field-checkbox-1-1-69e1ff6949f9c\" class=\"forminator-checkbox\" title=\"Mitglied\"><input type=\"checkbox\" name=\"checkbox-1[]\" value=\"one\" id=\"forminator-field-checkbox-1-1-69e1ff6949f9c\" aria-labelledby=\"forminator-field-checkbox-1-1-69e1ff6949f9c-label\" data-calculation=\"0\"   data-hidden-behavior=\"zero\"\/><span class=\"forminator-checkbox-box\" aria-hidden=\"true\"><\/span><span class=\"forminator-checkbox-label\">Mitglied<\/span><\/label><\/div><\/div><\/div><div class=\"forminator-row\"><div id=\"name-1\" class=\"forminator-field-name forminator-col forminator-col-12 \"><div class=\"forminator-row forminator-no-margin\" data-multiple=\"true\"><div class=\"forminator-col forminator-col-md-6\"><div class=\"forminator-field\"><label for=\"forminator-field-first-name-1_69e1ff6949f9c\" id=\"forminator-field-first-name-1_69e1ff6949f9c-label\" class=\"forminator-label\">Vorname<\/label><input type=\"text\" name=\"name-1-first-name\" placeholder=\"z. B. Max\" id=\"forminator-field-first-name-1_69e1ff6949f9c\" class=\"forminator-input\" aria-required=\"false\" data-multi=\"1\" autocomplete=\"given-name\" value=\"\" \/><\/div><\/div><div class=\"forminator-col forminator-col-md-6\"><div class=\"forminator-field\"><label for=\"forminator-field-last-name-1_69e1ff6949f9c\" id=\"forminator-field-last-name-1_69e1ff6949f9c-label\" class=\"forminator-label\">Nachname<\/label><input type=\"text\" name=\"name-1-last-name\" placeholder=\"z. B. Mustermann\" id=\"forminator-field-last-name-1_69e1ff6949f9c\" class=\"forminator-input\" aria-required=\"false\" data-multi=\"1\" autocomplete=\"family-name\" value=\"\" \/><\/div><\/div><\/div><\/div><\/div><div class=\"forminator-row\"><div id=\"address-1\" class=\"forminator-field-address forminator-col forminator-col-12 \"><div class=\"forminator-row\"><div id=\"address-1-street_address\" class=\"forminator-col\"><div class=\"forminator-field\"><label for=\"forminator-field-address-1-street_address_69e1ff6949f9c\" id=\"forminator-field-address-1-street_address_69e1ff6949f9c-label\" class=\"forminator-label\">Stra\u00dfe und Hausnummer <span class=\"forminator-required\">*<\/span><\/label><input type=\"text\" name=\"address-1-street_address\" placeholder=\"z. B. Hauptstra\u00dfe 123\" id=\"forminator-field-address-1-street_address_69e1ff6949f9c\" class=\"forminator-input\" data-required=\"1\" aria-required=\"true\" autocomplete=\"address-line1\" value=\"\" \/><\/div><\/div><\/div><div class=\"forminator-row\" data-multiple=\"true\"><div id=\"address-1-city\" class=\"forminator-col forminator-col-6\"><div class=\"forminator-field\"><label for=\"forminator-field-address-1-city_69e1ff6949f9c\" id=\"forminator-field-address-1-city_69e1ff6949f9c-label\" class=\"forminator-label\">Stadt <span class=\"forminator-required\">*<\/span><\/label><input type=\"text\" name=\"address-1-city\" placeholder=\"z. B. Berlin\" id=\"forminator-field-address-1-city_69e1ff6949f9c\" class=\"forminator-input\" data-required=\"1\" aria-required=\"true\" autocomplete=\"address-level2\" value=\"\" \/><\/div><\/div><div id=\"address-1-state\" class=\"forminator-col forminator-col-6\"><div class=\"forminator-field\"><label for=\"forminator-field-address-1-state_69e1ff6949f9c\" id=\"forminator-field-address-1-state_69e1ff6949f9c-label\" class=\"forminator-label\">Bundesland<\/label><input type=\"text\" name=\"address-1-state\" placeholder=\"z. B. Bayern\" id=\"forminator-field-address-1-state_69e1ff6949f9c\" class=\"forminator-input\" data-required=\"\" aria-required=\"false\" autocomplete=\"address-level1\" value=\"\" \/><\/div><\/div><\/div><div class=\"forminator-row\" data-multiple=\"false\"><div id=\"address-1-zip\" class=\"forminator-col forminator-col-12\"><div class=\"forminator-field\"><label for=\"forminator-field-address-1-zip_69e1ff6949f9c\" id=\"forminator-field-address-1-zip_69e1ff6949f9c-label\" class=\"forminator-label\">Postleitzahl <span class=\"forminator-required\">*<\/span><\/label><input type=\"text\" name=\"address-1-zip\" placeholder=\"z. B. 2000\" id=\"forminator-field-address-1-zip_69e1ff6949f9c\" class=\"forminator-input\" autocomplete=\"postal-code\" value=\"\" \/><\/div><\/div><\/div><\/div><\/div><div class=\"forminator-row\"><div id=\"phone-1\" class=\"forminator-field-phone forminator-col forminator-col-12 \"><div class=\"forminator-field\"><label for=\"forminator-field-phone-1_69e1ff6949f9c\" id=\"forminator-field-phone-1_69e1ff6949f9c-label\" class=\"forminator-label\">Telefon<\/label><input type=\"text\" name=\"phone-1\" value=\"\" placeholder=\"z.\u00a0B.: +49 123 4567 89\" id=\"forminator-field-phone-1_69e1ff6949f9c\" class=\"forminator-input forminator-field--phone\" data-required=\"\" aria-required=\"false\" autocomplete=\"off\" \/><\/div><\/div><\/div><div class=\"forminator-row\"><div id=\"email-1\" class=\"forminator-field-email forminator-col forminator-col-12 \"><div class=\"forminator-field\"><label for=\"forminator-field-email-1_69e1ff6949f9c\" id=\"forminator-field-email-1_69e1ff6949f9c-label\" class=\"forminator-label\">E-Mail-Adresse <span class=\"forminator-required\">*<\/span><\/label><input type=\"email\" name=\"email-1\" value=\"\" placeholder=\"z. B. max@mustermann.de\" id=\"forminator-field-email-1_69e1ff6949f9c\" class=\"forminator-input forminator-email--field\" data-required=\"1\" aria-required=\"true\" autocomplete=\"email\" \/><\/div><\/div><\/div><div class=\"forminator-row\"><div id=\"checkbox-2\" class=\"forminator-field-checkbox forminator-col forminator-col-12 \"><div role=\"group\" class=\"forminator-field\" aria-labelledby=\"forminator-checkbox-group-forminator-field-checkbox-2-69e1ff6949f9c-label\"><label id=\"forminator-field-checkbox-2-1-69e1ff6949f9c-label\" for=\"forminator-field-checkbox-2-1-69e1ff6949f9c\" class=\"forminator-checkbox\" title=\"Den Mitgliedsbeitrag, von ......\u20ac (Richtwert 75,00 \u20ac j\u00e4hrlich) werde ich jeweils bis sp\u00e4testens zum 31. M\u00e4rz eines Jahres \u00fcberweisen. Erstmalig bei Beginn der Mitgliedschaft f\u00fcr das laufende Jahr.\"><input type=\"checkbox\" name=\"checkbox-2[]\" value=\"one\" id=\"forminator-field-checkbox-2-1-69e1ff6949f9c\" aria-labelledby=\"forminator-field-checkbox-2-1-69e1ff6949f9c-label\" data-calculation=\"0\"   data-hidden-behavior=\"zero\"\/><span class=\"forminator-checkbox-box\" aria-hidden=\"true\"><\/span><span class=\"forminator-checkbox-label\">Den Mitgliedsbeitrag, von ......\u20ac (Richtwert 75,00 \u20ac j\u00e4hrlich) werde ich jeweils bis sp\u00e4testens zum 31. M\u00e4rz eines Jahres \u00fcberweisen. Erstmalig bei Beginn der Mitgliedschaft f\u00fcr das laufende Jahr.<\/span><\/label><label id=\"forminator-field-checkbox-2-2-69e1ff6949f9c-label\" for=\"forminator-field-checkbox-2-2-69e1ff6949f9c\" class=\"forminator-checkbox\" title=\"Den F\u00f6rderbeitrag von ......\u20ac (H\u00f6he nach eigenem Ermessen) werde ich bis sp\u00e4testens zum 31. M\u00e4rz des jeweiligen Jahres \u00fcberweisen. Erstmalig bei Beginn der Mitgliedschaft f\u00fcr das laufende Jahr.\"><input type=\"checkbox\" name=\"checkbox-2[]\" value=\"two\" id=\"forminator-field-checkbox-2-2-69e1ff6949f9c\" aria-labelledby=\"forminator-field-checkbox-2-2-69e1ff6949f9c-label\" data-calculation=\"0\"   data-hidden-behavior=\"zero\"\/><span class=\"forminator-checkbox-box\" aria-hidden=\"true\"><\/span><span class=\"forminator-checkbox-label\">Den F\u00f6rderbeitrag von ......\u20ac (H\u00f6he nach eigenem Ermessen) werde ich bis sp\u00e4testens zum 31. M\u00e4rz des jeweiligen Jahres \u00fcberweisen. Erstmalig bei Beginn der Mitgliedschaft f\u00fcr das laufende Jahr.<\/span><\/label><\/div><\/div><\/div><div class=\"forminator-row\"><div id=\"number-1\" class=\"forminator-field-number forminator-col forminator-col-12 \"><div class=\"forminator-field\"><label for=\"forminator-field-number-1_69e1ff6949f9c\" id=\"forminator-field-number-1_69e1ff6949f9c-label\" class=\"forminator-label\">Zahl<\/label><input name=\"number-1\" value=\"5-75\" placeholder=\"z.\u00a0B. 10\" id=\"forminator-field-number-1_69e1ff6949f9c\" class=\"forminator-input forminator-number--field\" inputmode=\"decimal\" data-required=\"\" data-decimals=\"0\" aria-required=\"false\" data-inputmask=\"&#039;groupSeparator&#039;: &#039;&#039;, &#039;radixPoint&#039;: &#039;&#039;, &#039;digits&#039;: &#039;0&#039;\" data-hidden-behavior=\"zero\" type=\"number\" step=\"any\" min=\"1\" max=\"150\" \/><\/div><\/div><\/div><div class=\"forminator-row\"><div id=\"textarea-1\" class=\"forminator-field-textarea forminator-col forminator-col-12 \"><div class=\"forminator-field\"><textarea name=\"textarea-1\" placeholder=\"Empf\u00e4nger: Associata e.V.\nBank:            Sparkasse Mecklemburg-Schwerin\nIBAN:            DE51 1405 2000 1600 0738 04\nBIC:               NOLADE21LWL\nStichwort:    Mitgliedsbeitrag lfd. Jahr\" id=\"forminator-field-textarea-1_69e1ff6949f9c\" class=\"forminator-textarea\" rows=\"6\" style=\"min-height:140px;\" ><\/textarea><\/div><\/div><\/div><div class=\"forminator-row\"><div id=\"checkbox-3\" class=\"forminator-field-checkbox forminator-col forminator-col-12 \"><div role=\"group\" class=\"forminator-field\" aria-labelledby=\"forminator-checkbox-group-forminator-field-checkbox-3-69e1ff6949f9c-label\"><label id=\"forminator-field-checkbox-3-1-69e1ff6949f9c-label\" for=\"forminator-field-checkbox-3-1-69e1ff6949f9c\" class=\"forminator-checkbox\" title=\"Ich bitte um Einzug des Mitgliedsbeitrag per Lastschrift und Zusendung eines Lastschriftmandats\"><input type=\"checkbox\" name=\"checkbox-3[]\" value=\"one\" id=\"forminator-field-checkbox-3-1-69e1ff6949f9c\" aria-labelledby=\"forminator-field-checkbox-3-1-69e1ff6949f9c-label\" data-calculation=\"0\"   data-hidden-behavior=\"zero\"\/><span class=\"forminator-checkbox-box\" aria-hidden=\"true\"><\/span><span class=\"forminator-checkbox-label\">Ich bitte um Einzug des Mitgliedsbeitrag per Lastschrift und Zusendung eines Lastschriftmandats<\/span><\/label><\/div><\/div><\/div><div class=\"forminator-row\"><div id=\"date-1\" class=\"forminator-field-date forminator-col forminator-col-12 \"><div class=\"forminator-field\"><label for=\"forminator-field-date-1-picker_69e1ff6949f9c\" id=\"forminator-field-date-1-picker_69e1ff6949f9c-label\" class=\"forminator-label\">Datum<\/label><div class=\"forminator-input-with-icon\"><span class=\"forminator-icon-calendar\" aria-hidden=\"true\"><\/span><input autocomplete=\"off\" type=\"text\" size=\"1\" name=\"date-1\" value=\"\" placeholder=\"Datum w\u00e4hlen\" id=\"forminator-field-date-1-picker_69e1ff6949f9c\" class=\"forminator-input forminator-datepicker\" data-required=\"\" data-format=\"mm\/dd\/yy\" data-restrict-type=\"\" data-restrict=\"\" data-start-year=\"1926\" data-end-year=\"2126\" data-past-dates=\"enable\" data-start-of-week=\"1\" data-start-date=\"\" data-end-date=\"\" data-start-field=\"\" data-end-field=\"\" data-start-offset=\"\" data-end-offset=\"\" data-disable-date=\"\" data-disable-range=\"\" \/><\/div><\/div><\/div><\/div><div class=\"forminator-row\"><div id=\"text-1\" class=\"forminator-field-text forminator-col forminator-col-12 \"><div class=\"forminator-field\"><label for=\"forminator-field-text-1_69e1ff6949f9c\" id=\"forminator-field-text-1_69e1ff6949f9c-label\" class=\"forminator-label\">Unterschrift<\/label><input type=\"text\" name=\"text-1\" value=\"\" placeholder=\"\" id=\"forminator-field-text-1_69e1ff6949f9c\" class=\"forminator-input forminator-name--field\" data-required=\"\" \/><\/div><\/div><\/div><div class=\"forminator-row\"><div id=\"checkbox-4\" class=\"forminator-field-checkbox forminator-col forminator-col-12 \"><div role=\"group\" class=\"forminator-field\" aria-labelledby=\"forminator-checkbox-group-forminator-field-checkbox-4-69e1ff6949f9c-label\"><label id=\"forminator-field-checkbox-4-1-69e1ff6949f9c-label\" for=\"forminator-field-checkbox-4-1-69e1ff6949f9c\" class=\"forminator-checkbox\" title=\"Hiermit best\u00e4tige ich das meine Unterschrift nur f\u00fcr das Online-Formular von und f\u00fcr Associata e.V. g\u00fcltig ist.\"><input type=\"checkbox\" name=\"checkbox-4[]\" value=\"one\" id=\"forminator-field-checkbox-4-1-69e1ff6949f9c\" aria-labelledby=\"forminator-field-checkbox-4-1-69e1ff6949f9c-label\" data-calculation=\"0\"   data-hidden-behavior=\"zero\"\/><span class=\"forminator-checkbox-box\" aria-hidden=\"true\"><\/span><span class=\"forminator-checkbox-label\">Hiermit best\u00e4tige ich das meine Unterschrift nur f\u00fcr das Online-Formular von und f\u00fcr Associata e.V. g\u00fcltig ist.<\/span><\/label><\/div><\/div><\/div><div class=\"forminator-row\"><div id=\"captcha-1\" class=\"forminator-field-captcha forminator-col forminator-col-12 \"><div class=\"forminator-captcha-left forminator-g-recaptcha recaptcha-invisible\" data-theme=\"light\" data-badge=\"inline\" data-sitekey=\"6LdgLeIqAAAAAJ9PNjA03VsvP8Fw7A3iDiOJIh8N\" data-size=\"invisible\"><\/div> <\/div><\/div><input type=\"hidden\" name=\"referer_url\" value=\"\" \/><div class=\"forminator-row forminator-row-last\"><div class=\"forminator-col\"><div class=\"forminator-field\"><button class=\"forminator-button forminator-button-submit\">Nachricht senden<\/button><\/div><\/div><\/div><input type=\"hidden\" id=\"forminator_nonce\" name=\"forminator_nonce\" value=\"9db9093205\" \/><input type=\"hidden\" name=\"_wp_http_referer\" value=\"\/verein\/wp-json\/wp\/v2\/pages\/2470\" \/><input type=\"hidden\" name=\"form_id\" value=\"2498\"><input type=\"hidden\" name=\"page_id\" value=\"2470\"><input type=\"hidden\" name=\"form_type\" value=\"default\"><input type=\"hidden\" name=\"current_url\" value=\"https:\/\/associata-ev.de\/verein\/mitgliedsantrag\/\"><input type=\"hidden\" name=\"render_id\" value=\"0\"><input type=\"hidden\" name=\"action\" value=\"forminator_submit_form_custom-forms\"><\/form>\n","protected":false},"excerpt":{"rendered":"<p>Ich unterst\u00fctze die Arbeit des Vereins als<\/p>\n","protected":false},"author":1,"featured_media":0,"parent":0,"menu_order":0,"comment_status":"closed","ping_status":"closed","template":"","meta":{"_acf_changed":false,"footnotes":""},"class_list":["post-2470","page","type-page","status-publish","hentry"],"acf":[],"yoast_head":"<!-- This site is optimized with the Yoast SEO plugin v26.9 - https:\/\/yoast.com\/product\/yoast-seo-wordpress\/ -->\n<title>Mitgliedsantrag - Associata-e.V.<\/title>\n<meta name=\"description\" content=\"Associata-e.V. Mitgliedsantrag\" \/>\n<meta name=\"robots\" content=\"index, follow, max-snippet:-1, max-image-preview:large, max-video-preview:-1\" \/>\n<link rel=\"canonical\" href=\"https:\/\/associata-ev.de\/verein\/mitgliedsantrag\/\" \/>\n<meta property=\"og:locale\" content=\"de_DE\" \/>\n<meta property=\"og:type\" content=\"article\" \/>\n<meta property=\"og:title\" content=\"Mitgliedsantrag - Associata-e.V.\" \/>\n<meta property=\"og:description\" content=\"Associata-e.V. Mitgliedsantrag\" \/>\n<meta property=\"og:url\" content=\"https:\/\/associata-ev.de\/verein\/mitgliedsantrag\/\" \/>\n<meta property=\"og:site_name\" content=\"Associata-e.V.\" \/>\n<meta property=\"article:modified_time\" content=\"2025-02-26T13:44:07+00:00\" \/>\n<meta name=\"twitter:card\" content=\"summary_large_image\" \/>\n<meta name=\"twitter:label1\" content=\"Gesch\u00e4tzte Lesezeit\" \/>\n\t<meta name=\"twitter:data1\" content=\"1\u00a0Minute\" \/>\n<script type=\"application\/ld+json\" class=\"yoast-schema-graph\">{\"@context\":\"https:\/\/schema.org\",\"@graph\":[{\"@type\":[\"Article\",\"BlogPosting\"],\"@id\":\"https:\/\/associata-ev.de\/verein\/mitgliedsantrag\/#article\",\"isPartOf\":{\"@id\":\"https:\/\/associata-ev.de\/verein\/mitgliedsantrag\/\"},\"author\":{\"name\":\"ReneKnopp\",\"@id\":\"https:\/\/associata-ev.de\/verein\/#\/schema\/person\/e73782c4f0cecc6663b33b456118525f\"},\"headline\":\"Mitgliedsantrag\",\"datePublished\":\"2025-02-24T15:37:50+00:00\",\"dateModified\":\"2025-02-26T13:44:07+00:00\",\"mainEntityOfPage\":{\"@id\":\"https:\/\/associata-ev.de\/verein\/mitgliedsantrag\/\"},\"wordCount\":12,\"publisher\":{\"@id\":\"https:\/\/associata-ev.de\/verein\/#organization\"},\"inLanguage\":\"de\"},{\"@type\":\"WebPage\",\"@id\":\"https:\/\/associata-ev.de\/verein\/mitgliedsantrag\/\",\"url\":\"https:\/\/associata-ev.de\/verein\/mitgliedsantrag\/\",\"name\":\"Mitgliedsantrag - Associata-e.V.\",\"isPartOf\":{\"@id\":\"https:\/\/associata-ev.de\/verein\/#website\"},\"datePublished\":\"2025-02-24T15:37:50+00:00\",\"dateModified\":\"2025-02-26T13:44:07+00:00\",\"description\":\"Associata-e.V. Mitgliedsantrag\",\"breadcrumb\":{\"@id\":\"https:\/\/associata-ev.de\/verein\/mitgliedsantrag\/#breadcrumb\"},\"inLanguage\":\"de\",\"potentialAction\":[{\"@type\":\"ReadAction\",\"target\":[\"https:\/\/associata-ev.de\/verein\/mitgliedsantrag\/\"]}]},{\"@type\":\"BreadcrumbList\",\"@id\":\"https:\/\/associata-ev.de\/verein\/mitgliedsantrag\/#breadcrumb\",\"itemListElement\":[{\"@type\":\"ListItem\",\"position\":1,\"name\":\"Verein\",\"item\":\"https:\/\/associata-ev.de\/verein\/\"},{\"@type\":\"ListItem\",\"position\":2,\"name\":\"Mitgliedsantrag\"}]},{\"@type\":\"WebSite\",\"@id\":\"https:\/\/associata-ev.de\/verein\/#website\",\"url\":\"https:\/\/associata-ev.de\/verein\/\",\"name\":\"Associata-e.V.\",\"description\":\"\",\"publisher\":{\"@id\":\"https:\/\/associata-ev.de\/verein\/#organization\"},\"potentialAction\":[{\"@type\":\"SearchAction\",\"target\":{\"@type\":\"EntryPoint\",\"urlTemplate\":\"https:\/\/associata-ev.de\/verein\/?s={search_term_string}\"},\"query-input\":{\"@type\":\"PropertyValueSpecification\",\"valueRequired\":true,\"valueName\":\"search_term_string\"}}],\"inLanguage\":\"de\"},{\"@type\":\"Organization\",\"@id\":\"https:\/\/associata-ev.de\/verein\/#organization\",\"name\":\"Associata e.V.\",\"url\":\"https:\/\/associata-ev.de\/verein\/\",\"logo\":{\"@type\":\"ImageObject\",\"inLanguage\":\"de\",\"@id\":\"https:\/\/associata-ev.de\/verein\/#\/schema\/logo\/image\/\",\"url\":\"https:\/\/associata-ev.de\/wp-content\/uploads\/2023\/03\/IMG-20230312-WA0021-2.png\",\"contentUrl\":\"https:\/\/associata-ev.de\/wp-content\/uploads\/2023\/03\/IMG-20230312-WA0021-2.png\",\"width\":1200,\"height\":297,\"caption\":\"Associata e.V.\"},\"image\":{\"@id\":\"https:\/\/associata-ev.de\/verein\/#\/schema\/logo\/image\/\"}},{\"@type\":\"Person\",\"@id\":\"https:\/\/associata-ev.de\/verein\/#\/schema\/person\/e73782c4f0cecc6663b33b456118525f\",\"name\":\"ReneKnopp\",\"image\":{\"@type\":\"ImageObject\",\"inLanguage\":\"de\",\"@id\":\"https:\/\/associata-ev.de\/verein\/#\/schema\/person\/image\/\",\"url\":\"https:\/\/secure.gravatar.com\/avatar\/79a2e70279472c96f215f3e85d1f1152ef5abd1cbb4778b50af4e74cf37c6ea1?s=96&d=mm&r=g\",\"contentUrl\":\"https:\/\/secure.gravatar.com\/avatar\/79a2e70279472c96f215f3e85d1f1152ef5abd1cbb4778b50af4e74cf37c6ea1?s=96&d=mm&r=g\",\"caption\":\"ReneKnopp\"},\"sameAs\":[\"https:\/\/associata-ev.de\"],\"url\":\"https:\/\/associata-ev.de\/verein\/author\/reneknopp\/\"}]}<\/script>\n<!-- \/ Yoast SEO plugin. -->","yoast_head_json":{"title":"Mitgliedsantrag - Associata-e.V.","description":"Associata-e.V. Mitgliedsantrag","robots":{"index":"index","follow":"follow","max-snippet":"max-snippet:-1","max-image-preview":"max-image-preview:large","max-video-preview":"max-video-preview:-1"},"canonical":"https:\/\/associata-ev.de\/verein\/mitgliedsantrag\/","og_locale":"de_DE","og_type":"article","og_title":"Mitgliedsantrag - Associata-e.V.","og_description":"Associata-e.V. Mitgliedsantrag","og_url":"https:\/\/associata-ev.de\/verein\/mitgliedsantrag\/","og_site_name":"Associata-e.V.","article_modified_time":"2025-02-26T13:44:07+00:00","twitter_card":"summary_large_image","twitter_misc":{"Gesch\u00e4tzte Lesezeit":"1\u00a0Minute"},"schema":{"@context":"https:\/\/schema.org","@graph":[{"@type":["Article","BlogPosting"],"@id":"https:\/\/associata-ev.de\/verein\/mitgliedsantrag\/#article","isPartOf":{"@id":"https:\/\/associata-ev.de\/verein\/mitgliedsantrag\/"},"author":{"name":"ReneKnopp","@id":"https:\/\/associata-ev.de\/verein\/#\/schema\/person\/e73782c4f0cecc6663b33b456118525f"},"headline":"Mitgliedsantrag","datePublished":"2025-02-24T15:37:50+00:00","dateModified":"2025-02-26T13:44:07+00:00","mainEntityOfPage":{"@id":"https:\/\/associata-ev.de\/verein\/mitgliedsantrag\/"},"wordCount":12,"publisher":{"@id":"https:\/\/associata-ev.de\/verein\/#organization"},"inLanguage":"de"},{"@type":"WebPage","@id":"https:\/\/associata-ev.de\/verein\/mitgliedsantrag\/","url":"https:\/\/associata-ev.de\/verein\/mitgliedsantrag\/","name":"Mitgliedsantrag - Associata-e.V.","isPartOf":{"@id":"https:\/\/associata-ev.de\/verein\/#website"},"datePublished":"2025-02-24T15:37:50+00:00","dateModified":"2025-02-26T13:44:07+00:00","description":"Associata-e.V. Mitgliedsantrag","breadcrumb":{"@id":"https:\/\/associata-ev.de\/verein\/mitgliedsantrag\/#breadcrumb"},"inLanguage":"de","potentialAction":[{"@type":"ReadAction","target":["https:\/\/associata-ev.de\/verein\/mitgliedsantrag\/"]}]},{"@type":"BreadcrumbList","@id":"https:\/\/associata-ev.de\/verein\/mitgliedsantrag\/#breadcrumb","itemListElement":[{"@type":"ListItem","position":1,"name":"Verein","item":"https:\/\/associata-ev.de\/verein\/"},{"@type":"ListItem","position":2,"name":"Mitgliedsantrag"}]},{"@type":"WebSite","@id":"https:\/\/associata-ev.de\/verein\/#website","url":"https:\/\/associata-ev.de\/verein\/","name":"Associata-e.V.","description":"","publisher":{"@id":"https:\/\/associata-ev.de\/verein\/#organization"},"potentialAction":[{"@type":"SearchAction","target":{"@type":"EntryPoint","urlTemplate":"https:\/\/associata-ev.de\/verein\/?s={search_term_string}"},"query-input":{"@type":"PropertyValueSpecification","valueRequired":true,"valueName":"search_term_string"}}],"inLanguage":"de"},{"@type":"Organization","@id":"https:\/\/associata-ev.de\/verein\/#organization","name":"Associata e.V.","url":"https:\/\/associata-ev.de\/verein\/","logo":{"@type":"ImageObject","inLanguage":"de","@id":"https:\/\/associata-ev.de\/verein\/#\/schema\/logo\/image\/","url":"https:\/\/associata-ev.de\/wp-content\/uploads\/2023\/03\/IMG-20230312-WA0021-2.png","contentUrl":"https:\/\/associata-ev.de\/wp-content\/uploads\/2023\/03\/IMG-20230312-WA0021-2.png","width":1200,"height":297,"caption":"Associata e.V."},"image":{"@id":"https:\/\/associata-ev.de\/verein\/#\/schema\/logo\/image\/"}},{"@type":"Person","@id":"https:\/\/associata-ev.de\/verein\/#\/schema\/person\/e73782c4f0cecc6663b33b456118525f","name":"ReneKnopp","image":{"@type":"ImageObject","inLanguage":"de","@id":"https:\/\/associata-ev.de\/verein\/#\/schema\/person\/image\/","url":"https:\/\/secure.gravatar.com\/avatar\/79a2e70279472c96f215f3e85d1f1152ef5abd1cbb4778b50af4e74cf37c6ea1?s=96&d=mm&r=g","contentUrl":"https:\/\/secure.gravatar.com\/avatar\/79a2e70279472c96f215f3e85d1f1152ef5abd1cbb4778b50af4e74cf37c6ea1?s=96&d=mm&r=g","caption":"ReneKnopp"},"sameAs":["https:\/\/associata-ev.de"],"url":"https:\/\/associata-ev.de\/verein\/author\/reneknopp\/"}]}},"_links":{"self":[{"href":"https:\/\/associata-ev.de\/verein\/wp-json\/wp\/v2\/pages\/2470","targetHints":{"allow":["GET"]}}],"collection":[{"href":"https:\/\/associata-ev.de\/verein\/wp-json\/wp\/v2\/pages"}],"about":[{"href":"https:\/\/associata-ev.de\/verein\/wp-json\/wp\/v2\/types\/page"}],"author":[{"embeddable":true,"href":"https:\/\/associata-ev.de\/verein\/wp-json\/wp\/v2\/users\/1"}],"replies":[{"embeddable":true,"href":"https:\/\/associata-ev.de\/verein\/wp-json\/wp\/v2\/comments?post=2470"}],"version-history":[{"count":9,"href":"https:\/\/associata-ev.de\/verein\/wp-json\/wp\/v2\/pages\/2470\/revisions"}],"predecessor-version":[{"id":2502,"href":"https:\/\/associata-ev.de\/verein\/wp-json\/wp\/v2\/pages\/2470\/revisions\/2502"}],"wp:attachment":[{"href":"https:\/\/associata-ev.de\/verein\/wp-json\/wp\/v2\/media?parent=2470"}],"curies":[{"name":"wp","href":"https:\/\/api.w.org\/{rel}","templated":true}]}}