{"id":370,"date":"2023-03-11T20:38:35","date_gmt":"2023-03-11T19:38:35","guid":{"rendered":"https:\/\/associata-ev.de\/?page_id=370"},"modified":"2023-07-09T13:41:55","modified_gmt":"2023-07-09T11:41:55","slug":"anfahrt","status":"publish","type":"page","link":"https:\/\/associata-ev.de\/verein\/anfahrt\/","title":{"rendered":"Anfahrt"},"content":{"rendered":"\n<div class=\"wp-block-columns is-layout-flex wp-container-core-columns-is-layout-9d6595d7 wp-block-columns-is-layout-flex\">\n<div class=\"wp-block-column is-layout-flow wp-block-column-is-layout-flow\" style=\"flex-basis:66.66%\">\n<section class=\"elementor-section elementor-top-section elementor-element elementor-element-8cd340e elementor-section-boxed elementor-section-height-default elementor-section-height-default\" data-id=\"8cd340e\" data-element_type=\"section\">\n<div class=\"elementor-container elementor-column-gap-default\">\n<div class=\"elementor-row\">\n<div class=\"elementor-column elementor-col-100 elementor-top-column elementor-element elementor-element-332b926\" data-id=\"332b926\" data-element_type=\"column\">\n<div class=\"elementor-column-wrap elementor-element-populated\">\n<div class=\"elementor-widget-wrap\">\n<div class=\"elementor-element elementor-element-fef71f7 elementor-widget elementor-widget-text-editor\" data-id=\"fef71f7\" data-element_type=\"widget\" data-widget_type=\"text-editor.default\">\n<div class=\"elementor-widget-container\">\n<div class=\"elementor-text-editor elementor-clearfix\">\n<p>\u00a0<\/p>\n<p>\u00a0<\/p>\n<p style=\"text-align: left;\"><strong>Sie kommen mit der Bahn:<br \/><\/strong>Karst\u00e4dt hat eine Anbindung nach Berlin und Hamburg<br \/>Gern organisieren wir den Transfer von\/zum Bahnhof<\/p>\n<\/div>\n<\/div>\n<\/div>\n<\/div>\n<\/div>\n<\/div>\n<\/div>\n<\/div>\n<\/section>\n<section class=\"elementor-section elementor-top-section elementor-element elementor-element-924c72f elementor-section-content-middle elementor-section-boxed elementor-section-height-default elementor-section-height-default\" data-id=\"924c72f\" data-element_type=\"section\">\n<div class=\"elementor-container elementor-column-gap-default\">\n<div class=\"elementor-row\">\n<div class=\"elementor-column elementor-col-50 elementor-top-column elementor-element elementor-element-b7c4a82\" data-id=\"b7c4a82\" data-element_type=\"column\">\n<div class=\"elementor-column-wrap elementor-element-populated\">\n<div class=\"elementor-widget-wrap\">\n<div class=\"elementor-element elementor-element-cddc2d6 elementor-widget elementor-widget-text-editor\" data-id=\"cddc2d6\" data-element_type=\"widget\" data-widget_type=\"text-editor.default\">\n<div class=\"elementor-widget-container\">\n<div class=\"elementor-text-editor elementor-clearfix\">\n<p style=\"text-align: left;\"><strong>Sie kommen mit dem Auto:<br \/><\/strong>Aus Norden und Westen kommend \u00fcber die A 14 \/ A 24.<br \/>Die A 14 f\u00fchrt vom Kreuz Wismar durchgehend bis Karst\u00e4dt.<br \/>Am Kreuz Schwerin besteht Anbindung an die A 24.<\/p>\n<p style=\"text-align: left;\">Aus Richtung Berlin kommend \u00fcber die A 24 oder die Bundesstra\u00dfe 5.<br \/>Aus Richtung S\u00fcden kommend \u00fcber die Elbebr\u00fccke bei D\u00f6mitz oder Wittenberge<\/p>\n<\/div>\n<\/div>\n<\/div>\n<\/div>\n<\/div>\n<\/div>\n<\/div>\n<\/div>\n<\/section>\n<\/div>\n\n\n\n<div class=\"wp-block-column is-layout-flow wp-block-column-is-layout-flow\" style=\"flex-basis:33.33%\">\n<p><\/p>\n\n\n\n<p><\/p>\n\n\n\n<p><\/p>\n\n\n\n<figure class=\"wp-block-gallery has-nested-images columns-default is-cropped wp-block-gallery-1 is-layout-flex wp-block-gallery-is-layout-flex\"><div class=\"wp-block-image is-style-default\">\n<figure class=\"alignleft size-medium\"><a href=\"https:\/\/associata-ev.de\/wp-content\/uploads\/2023\/02\/Distelhof_Karte_Sargleben_grosse_Umgebung.jpg\" target=\"_blank\" rel=\"noreferrer noopener\"><img loading=\"lazy\" decoding=\"async\" width=\"273\" height=\"300\" data-id=\"253\" src=\"https:\/\/associata-ev.de\/wp-content\/uploads\/2023\/02\/Distelhof_Karte_Sargleben_grosse_Umgebung-273x300.jpg\" alt=\"\" class=\"wp-image-253\" srcset=\"https:\/\/associata-ev.de\/wp-content\/uploads\/2023\/02\/Distelhof_Karte_Sargleben_grosse_Umgebung-273x300.jpg 273w, https:\/\/associata-ev.de\/wp-content\/uploads\/2023\/02\/Distelhof_Karte_Sargleben_grosse_Umgebung-933x1024.jpg 933w, https:\/\/associata-ev.de\/wp-content\/uploads\/2023\/02\/Distelhof_Karte_Sargleben_grosse_Umgebung-768x843.jpg 768w, https:\/\/associata-ev.de\/wp-content\/uploads\/2023\/02\/Distelhof_Karte_Sargleben_grosse_Umgebung-1399x1536.jpg 1399w, https:\/\/associata-ev.de\/wp-content\/uploads\/2023\/02\/Distelhof_Karte_Sargleben_grosse_Umgebung.jpg 1672w\" sizes=\"auto, (max-width: 273px) 100vw, 273px\" \/><\/a><\/figure>\n<\/div><\/figure>\n<\/div>\n<\/div>\n\n\n\n<div class=\"wp-block-columns is-layout-flex wp-container-core-columns-is-layout-9d6595d7 wp-block-columns-is-layout-flex\">\n<div class=\"wp-block-column is-layout-flow wp-block-column-is-layout-flow\" style=\"flex-basis:66.66%\">\n<p style=\"text-align: left;\"><strong>Zufahrt Sargleben\u00a0<\/strong>\u2013 \u00fcber die B 5, aus Perleberg kommend:<br \/>Ab Karst\u00e4dt weiter Richtung Grabow\/Ludwigslust<br \/>\u00fcber die parallel zur Autobahn f\u00fchrende Stra\u00dfe (ehem. B 5).<br \/>Nach wenigen km links Richtung Sargleben (gr\u00fcnes Schild \u201eZur Wirtin\u201c folgen).<br \/>Durch den Ort Garlin Richtung Sargleben fahren.<br \/>Am Ortseingang Sargleben, noch vor der Kirche, rechts abbiegen.<br \/>Sie fahren (kleine Kopfsteinpflaster-Str.) direkt auf den Distelhof zu.<\/p>\n<\/div>\n\n\n\n<div class=\"wp-block-column is-layout-flow wp-block-column-is-layout-flow\" style=\"flex-basis:33.33%\"><div class=\"wp-block-image\">\n<figure class=\"alignleft size-medium\"><a href=\"https:\/\/associata-ev.de\/wp-content\/uploads\/2023\/03\/Distelhof_Karte_Sargleben_fertig-neu.jpg\" target=\"_blank\" rel=\"noreferrer noopener\"><img loading=\"lazy\" decoding=\"async\" width=\"300\" height=\"182\" src=\"https:\/\/associata-ev.de\/wp-content\/uploads\/2023\/03\/Distelhof_Karte_Sargleben_fertig-neu-300x182.jpg\" alt=\"\" class=\"wp-image-328\" srcset=\"https:\/\/associata-ev.de\/wp-content\/uploads\/2023\/03\/Distelhof_Karte_Sargleben_fertig-neu-300x182.jpg 300w, https:\/\/associata-ev.de\/wp-content\/uploads\/2023\/03\/Distelhof_Karte_Sargleben_fertig-neu-768x465.jpg 768w, https:\/\/associata-ev.de\/wp-content\/uploads\/2023\/03\/Distelhof_Karte_Sargleben_fertig-neu.jpg 944w\" sizes=\"auto, (max-width: 300px) 100vw, 300px\" \/><\/a><\/figure>\n<\/div><\/div>\n<\/div>\n\n\n\n<div class=\"wp-block-columns is-layout-flex wp-container-core-columns-is-layout-9d6595d7 wp-block-columns-is-layout-flex\">\n<div class=\"wp-block-column is-layout-flow wp-block-column-is-layout-flow\" style=\"flex-basis:66.66%\">\n<p style=\"text-align: left;\"><strong>Zufahrt Sargleben\u00a0<\/strong>\u2013 aus Norden kommend \u2013\u00a0<strong>ab Autobahn-Abfahrt Gro\u00df Warnow<br \/><\/strong>rechts abbiegen \u2013 Durch das kleine Dorf Pinnow fahren,<br \/>in der Dorfmitte links abbiegen Richtung Sargleben<br \/>Der Stra\u00dfe durch den Wald folgen.<br \/>Am Dorfeingang Sargleben recht fahren, fast bis zum Dorfende.<br \/>Direkt hinter der Kirche links abbiegen.<br \/>Sie fahren (kleine Kopfsteinpflaster-Str.) direkt auf den Distelhof zu.<\/p>\n<\/div>\n\n\n\n<div class=\"wp-block-column is-layout-flow wp-block-column-is-layout-flow\" style=\"flex-basis:33.33%\"><div class=\"wp-block-image\">\n<figure class=\"alignleft size-medium\"><a href=\"https:\/\/associata-ev.de\/wp-content\/uploads\/2023\/02\/Distelhof_Karte_Sargleben_Umgebung.jpg\" target=\"_blank\" rel=\"noreferrer noopener\"><img loading=\"lazy\" decoding=\"async\" width=\"265\" height=\"300\" src=\"https:\/\/associata-ev.de\/wp-content\/uploads\/2023\/02\/Distelhof_Karte_Sargleben_Umgebung-265x300.jpg\" alt=\"\" class=\"wp-image-254\" srcset=\"https:\/\/associata-ev.de\/wp-content\/uploads\/2023\/02\/Distelhof_Karte_Sargleben_Umgebung-265x300.jpg 265w, https:\/\/associata-ev.de\/wp-content\/uploads\/2023\/02\/Distelhof_Karte_Sargleben_Umgebung-903x1024.jpg 903w, https:\/\/associata-ev.de\/wp-content\/uploads\/2023\/02\/Distelhof_Karte_Sargleben_Umgebung-768x871.jpg 768w, https:\/\/associata-ev.de\/wp-content\/uploads\/2023\/02\/Distelhof_Karte_Sargleben_Umgebung-1354x1536.jpg 1354w, https:\/\/associata-ev.de\/wp-content\/uploads\/2023\/02\/Distelhof_Karte_Sargleben_Umgebung.jpg 1641w\" sizes=\"auto, (max-width: 265px) 100vw, 265px\" \/><\/a><\/figure>\n<\/div><\/div>\n<\/div>\n","protected":false},"excerpt":{"rendered":"<p>\u00a0 \u00a0 Sie kommen mit der Bahn:Karst\u00e4dt hat eine Anbindung nach Berlin und HamburgGern organisieren wir den Transfer von\/zum Bahnhof Sie kommen mit dem Auto:Aus Norden und Westen kommend \u00fcber die A 14 \/ A 24.Die A 14 f\u00fchrt vom Kreuz Wismar durchgehend bis Karst\u00e4dt.Am Kreuz Schwerin besteht Anbindung an die A 24. Aus Richtung Berlin kommend \u00fcber die A 24 oder die Bundesstra\u00dfe 5.Aus Richtung S\u00fcden kommend \u00fcber die Elbebr\u00fccke bei D\u00f6mitz oder Wittenberge Zufahrt Sargleben\u00a0\u2013 \u00fcber die B 5, aus Perleberg kommend:Ab Karst\u00e4dt weiter Richtung Grabow\/Ludwigslust\u00fcber die parallel zur Autobahn f\u00fchrende Stra\u00dfe (ehem. B 5).Nach wenigen km links Richtung Sargleben (gr\u00fcnes Schild \u201eZur Wirtin\u201c folgen).Durch den Ort Garlin Richtung Sargleben fahren.Am Ortseingang Sargleben, noch vor der Kirche, rechts abbiegen.Sie fahren (kleine Kopfsteinpflaster-Str.) direkt auf den Distelhof zu. Zufahrt Sargleben\u00a0\u2013 aus Norden kommend \u2013\u00a0ab Autobahn-Abfahrt Gro\u00df Warnowrechts abbiegen \u2013 Durch das kleine Dorf Pinnow fahren,in der Dorfmitte links abbiegen Richtung SarglebenDer Stra\u00dfe durch den Wald folgen.Am Dorfeingang Sargleben recht fahren, fast bis zum Dorfende.Direkt hinter der Kirche links abbiegen.Sie fahren (kleine Kopfsteinpflaster-Str.) direkt auf den Distelhof zu.<\/p>\n","protected":false},"author":1,"featured_media":0,"parent":0,"menu_order":0,"comment_status":"closed","ping_status":"closed","template":"","meta":{"_acf_changed":false,"footnotes":""},"class_list":["post-370","page","type-page","status-publish","hentry"],"acf":[],"yoast_head":"<!-- This site is optimized with the Yoast SEO plugin v26.9 - https:\/\/yoast.com\/product\/yoast-seo-wordpress\/ -->\n<title>Anfahrt - Associata-e.V.<\/title>\n<meta name=\"description\" content=\"Associata-e.V. Anfahrt\" \/>\n<meta name=\"robots\" content=\"index, follow, max-snippet:-1, max-image-preview:large, max-video-preview:-1\" \/>\n<link rel=\"canonical\" href=\"https:\/\/associata-ev.de\/verein\/anfahrt\/\" \/>\n<meta property=\"og:locale\" content=\"de_DE\" \/>\n<meta property=\"og:type\" content=\"article\" \/>\n<meta property=\"og:title\" content=\"Anfahrt - Associata-e.V.\" \/>\n<meta property=\"og:description\" content=\"Associata-e.V. Anfahrt\" \/>\n<meta property=\"og:url\" content=\"https:\/\/associata-ev.de\/verein\/anfahrt\/\" \/>\n<meta property=\"og:site_name\" content=\"Associata-e.V.\" \/>\n<meta property=\"article:modified_time\" content=\"2023-07-09T11:41:55+00:00\" \/>\n<meta property=\"og:image\" content=\"https:\/\/associata-ev.de\/wp-content\/uploads\/2023\/02\/Distelhof_Karte_Sargleben_grosse_Umgebung-273x300.jpg\" \/>\n<meta name=\"twitter:card\" content=\"summary_large_image\" \/>\n<meta name=\"twitter:label1\" content=\"Gesch\u00e4tzte Lesezeit\" \/>\n\t<meta name=\"twitter:data1\" content=\"2\u00a0Minuten\" \/>\n<script type=\"application\/ld+json\" class=\"yoast-schema-graph\">{\"@context\":\"https:\/\/schema.org\",\"@graph\":[{\"@type\":[\"Article\",\"BlogPosting\"],\"@id\":\"https:\/\/associata-ev.de\/verein\/anfahrt\/#article\",\"isPartOf\":{\"@id\":\"https:\/\/associata-ev.de\/verein\/anfahrt\/\"},\"author\":{\"name\":\"ReneKnopp\",\"@id\":\"https:\/\/associata-ev.de\/verein\/#\/schema\/person\/e73782c4f0cecc6663b33b456118525f\"},\"headline\":\"Anfahrt\",\"datePublished\":\"2023-03-11T19:38:35+00:00\",\"dateModified\":\"2023-07-09T11:41:55+00:00\",\"mainEntityOfPage\":{\"@id\":\"https:\/\/associata-ev.de\/verein\/anfahrt\/\"},\"wordCount\":197,\"publisher\":{\"@id\":\"https:\/\/associata-ev.de\/verein\/#organization\"},\"image\":{\"@id\":\"https:\/\/associata-ev.de\/verein\/anfahrt\/#primaryimage\"},\"thumbnailUrl\":\"https:\/\/associata-ev.de\/wp-content\/uploads\/2023\/02\/Distelhof_Karte_Sargleben_grosse_Umgebung-273x300.jpg\",\"inLanguage\":\"de\"},{\"@type\":\"WebPage\",\"@id\":\"https:\/\/associata-ev.de\/verein\/anfahrt\/\",\"url\":\"https:\/\/associata-ev.de\/verein\/anfahrt\/\",\"name\":\"Anfahrt - Associata-e.V.\",\"isPartOf\":{\"@id\":\"https:\/\/associata-ev.de\/verein\/#website\"},\"primaryImageOfPage\":{\"@id\":\"https:\/\/associata-ev.de\/verein\/anfahrt\/#primaryimage\"},\"image\":{\"@id\":\"https:\/\/associata-ev.de\/verein\/anfahrt\/#primaryimage\"},\"thumbnailUrl\":\"https:\/\/associata-ev.de\/wp-content\/uploads\/2023\/02\/Distelhof_Karte_Sargleben_grosse_Umgebung-273x300.jpg\",\"datePublished\":\"2023-03-11T19:38:35+00:00\",\"dateModified\":\"2023-07-09T11:41:55+00:00\",\"description\":\"Associata-e.V. Anfahrt\",\"breadcrumb\":{\"@id\":\"https:\/\/associata-ev.de\/verein\/anfahrt\/#breadcrumb\"},\"inLanguage\":\"de\",\"potentialAction\":[{\"@type\":\"ReadAction\",\"target\":[\"https:\/\/associata-ev.de\/verein\/anfahrt\/\"]}]},{\"@type\":\"ImageObject\",\"inLanguage\":\"de\",\"@id\":\"https:\/\/associata-ev.de\/verein\/anfahrt\/#primaryimage\",\"url\":\"https:\/\/associata-ev.de\/wp-content\/uploads\/2023\/02\/Distelhof_Karte_Sargleben_grosse_Umgebung-273x300.jpg\",\"contentUrl\":\"https:\/\/associata-ev.de\/wp-content\/uploads\/2023\/02\/Distelhof_Karte_Sargleben_grosse_Umgebung-273x300.jpg\"},{\"@type\":\"BreadcrumbList\",\"@id\":\"https:\/\/associata-ev.de\/verein\/anfahrt\/#breadcrumb\",\"itemListElement\":[{\"@type\":\"ListItem\",\"position\":1,\"name\":\"Verein\",\"item\":\"https:\/\/associata-ev.de\/verein\/\"},{\"@type\":\"ListItem\",\"position\":2,\"name\":\"Anfahrt\"}]},{\"@type\":\"WebSite\",\"@id\":\"https:\/\/associata-ev.de\/verein\/#website\",\"url\":\"https:\/\/associata-ev.de\/verein\/\",\"name\":\"Associata-e.V.\",\"description\":\"\",\"publisher\":{\"@id\":\"https:\/\/associata-ev.de\/verein\/#organization\"},\"potentialAction\":[{\"@type\":\"SearchAction\",\"target\":{\"@type\":\"EntryPoint\",\"urlTemplate\":\"https:\/\/associata-ev.de\/verein\/?s={search_term_string}\"},\"query-input\":{\"@type\":\"PropertyValueSpecification\",\"valueRequired\":true,\"valueName\":\"search_term_string\"}}],\"inLanguage\":\"de\"},{\"@type\":\"Organization\",\"@id\":\"https:\/\/associata-ev.de\/verein\/#organization\",\"name\":\"Associata e.V.\",\"url\":\"https:\/\/associata-ev.de\/verein\/\",\"logo\":{\"@type\":\"ImageObject\",\"inLanguage\":\"de\",\"@id\":\"https:\/\/associata-ev.de\/verein\/#\/schema\/logo\/image\/\",\"url\":\"https:\/\/associata-ev.de\/wp-content\/uploads\/2023\/03\/IMG-20230312-WA0021-2.png\",\"contentUrl\":\"https:\/\/associata-ev.de\/wp-content\/uploads\/2023\/03\/IMG-20230312-WA0021-2.png\",\"width\":1200,\"height\":297,\"caption\":\"Associata e.V.\"},\"image\":{\"@id\":\"https:\/\/associata-ev.de\/verein\/#\/schema\/logo\/image\/\"}},{\"@type\":\"Person\",\"@id\":\"https:\/\/associata-ev.de\/verein\/#\/schema\/person\/e73782c4f0cecc6663b33b456118525f\",\"name\":\"ReneKnopp\",\"image\":{\"@type\":\"ImageObject\",\"inLanguage\":\"de\",\"@id\":\"https:\/\/associata-ev.de\/verein\/#\/schema\/person\/image\/\",\"url\":\"https:\/\/secure.gravatar.com\/avatar\/79a2e70279472c96f215f3e85d1f1152ef5abd1cbb4778b50af4e74cf37c6ea1?s=96&d=mm&r=g\",\"contentUrl\":\"https:\/\/secure.gravatar.com\/avatar\/79a2e70279472c96f215f3e85d1f1152ef5abd1cbb4778b50af4e74cf37c6ea1?s=96&d=mm&r=g\",\"caption\":\"ReneKnopp\"},\"sameAs\":[\"https:\/\/associata-ev.de\"],\"url\":\"https:\/\/associata-ev.de\/verein\/author\/reneknopp\/\"}]}<\/script>\n<!-- \/ Yoast SEO plugin. -->","yoast_head_json":{"title":"Anfahrt - Associata-e.V.","description":"Associata-e.V. Anfahrt","robots":{"index":"index","follow":"follow","max-snippet":"max-snippet:-1","max-image-preview":"max-image-preview:large","max-video-preview":"max-video-preview:-1"},"canonical":"https:\/\/associata-ev.de\/verein\/anfahrt\/","og_locale":"de_DE","og_type":"article","og_title":"Anfahrt - Associata-e.V.","og_description":"Associata-e.V. Anfahrt","og_url":"https:\/\/associata-ev.de\/verein\/anfahrt\/","og_site_name":"Associata-e.V.","article_modified_time":"2023-07-09T11:41:55+00:00","og_image":[{"url":"https:\/\/associata-ev.de\/wp-content\/uploads\/2023\/02\/Distelhof_Karte_Sargleben_grosse_Umgebung-273x300.jpg","type":"","width":"","height":""}],"twitter_card":"summary_large_image","twitter_misc":{"Gesch\u00e4tzte Lesezeit":"2\u00a0Minuten"},"schema":{"@context":"https:\/\/schema.org","@graph":[{"@type":["Article","BlogPosting"],"@id":"https:\/\/associata-ev.de\/verein\/anfahrt\/#article","isPartOf":{"@id":"https:\/\/associata-ev.de\/verein\/anfahrt\/"},"author":{"name":"ReneKnopp","@id":"https:\/\/associata-ev.de\/verein\/#\/schema\/person\/e73782c4f0cecc6663b33b456118525f"},"headline":"Anfahrt","datePublished":"2023-03-11T19:38:35+00:00","dateModified":"2023-07-09T11:41:55+00:00","mainEntityOfPage":{"@id":"https:\/\/associata-ev.de\/verein\/anfahrt\/"},"wordCount":197,"publisher":{"@id":"https:\/\/associata-ev.de\/verein\/#organization"},"image":{"@id":"https:\/\/associata-ev.de\/verein\/anfahrt\/#primaryimage"},"thumbnailUrl":"https:\/\/associata-ev.de\/wp-content\/uploads\/2023\/02\/Distelhof_Karte_Sargleben_grosse_Umgebung-273x300.jpg","inLanguage":"de"},{"@type":"WebPage","@id":"https:\/\/associata-ev.de\/verein\/anfahrt\/","url":"https:\/\/associata-ev.de\/verein\/anfahrt\/","name":"Anfahrt - Associata-e.V.","isPartOf":{"@id":"https:\/\/associata-ev.de\/verein\/#website"},"primaryImageOfPage":{"@id":"https:\/\/associata-ev.de\/verein\/anfahrt\/#primaryimage"},"image":{"@id":"https:\/\/associata-ev.de\/verein\/anfahrt\/#primaryimage"},"thumbnailUrl":"https:\/\/associata-ev.de\/wp-content\/uploads\/2023\/02\/Distelhof_Karte_Sargleben_grosse_Umgebung-273x300.jpg","datePublished":"2023-03-11T19:38:35+00:00","dateModified":"2023-07-09T11:41:55+00:00","description":"Associata-e.V. Anfahrt","breadcrumb":{"@id":"https:\/\/associata-ev.de\/verein\/anfahrt\/#breadcrumb"},"inLanguage":"de","potentialAction":[{"@type":"ReadAction","target":["https:\/\/associata-ev.de\/verein\/anfahrt\/"]}]},{"@type":"ImageObject","inLanguage":"de","@id":"https:\/\/associata-ev.de\/verein\/anfahrt\/#primaryimage","url":"https:\/\/associata-ev.de\/wp-content\/uploads\/2023\/02\/Distelhof_Karte_Sargleben_grosse_Umgebung-273x300.jpg","contentUrl":"https:\/\/associata-ev.de\/wp-content\/uploads\/2023\/02\/Distelhof_Karte_Sargleben_grosse_Umgebung-273x300.jpg"},{"@type":"BreadcrumbList","@id":"https:\/\/associata-ev.de\/verein\/anfahrt\/#breadcrumb","itemListElement":[{"@type":"ListItem","position":1,"name":"Verein","item":"https:\/\/associata-ev.de\/verein\/"},{"@type":"ListItem","position":2,"name":"Anfahrt"}]},{"@type":"WebSite","@id":"https:\/\/associata-ev.de\/verein\/#website","url":"https:\/\/associata-ev.de\/verein\/","name":"Associata-e.V.","description":"","publisher":{"@id":"https:\/\/associata-ev.de\/verein\/#organization"},"potentialAction":[{"@type":"SearchAction","target":{"@type":"EntryPoint","urlTemplate":"https:\/\/associata-ev.de\/verein\/?s={search_term_string}"},"query-input":{"@type":"PropertyValueSpecification","valueRequired":true,"valueName":"search_term_string"}}],"inLanguage":"de"},{"@type":"Organization","@id":"https:\/\/associata-ev.de\/verein\/#organization","name":"Associata e.V.","url":"https:\/\/associata-ev.de\/verein\/","logo":{"@type":"ImageObject","inLanguage":"de","@id":"https:\/\/associata-ev.de\/verein\/#\/schema\/logo\/image\/","url":"https:\/\/associata-ev.de\/wp-content\/uploads\/2023\/03\/IMG-20230312-WA0021-2.png","contentUrl":"https:\/\/associata-ev.de\/wp-content\/uploads\/2023\/03\/IMG-20230312-WA0021-2.png","width":1200,"height":297,"caption":"Associata e.V."},"image":{"@id":"https:\/\/associata-ev.de\/verein\/#\/schema\/logo\/image\/"}},{"@type":"Person","@id":"https:\/\/associata-ev.de\/verein\/#\/schema\/person\/e73782c4f0cecc6663b33b456118525f","name":"ReneKnopp","image":{"@type":"ImageObject","inLanguage":"de","@id":"https:\/\/associata-ev.de\/verein\/#\/schema\/person\/image\/","url":"https:\/\/secure.gravatar.com\/avatar\/79a2e70279472c96f215f3e85d1f1152ef5abd1cbb4778b50af4e74cf37c6ea1?s=96&d=mm&r=g","contentUrl":"https:\/\/secure.gravatar.com\/avatar\/79a2e70279472c96f215f3e85d1f1152ef5abd1cbb4778b50af4e74cf37c6ea1?s=96&d=mm&r=g","caption":"ReneKnopp"},"sameAs":["https:\/\/associata-ev.de"],"url":"https:\/\/associata-ev.de\/verein\/author\/reneknopp\/"}]}},"_links":{"self":[{"href":"https:\/\/associata-ev.de\/verein\/wp-json\/wp\/v2\/pages\/370","targetHints":{"allow":["GET"]}}],"collection":[{"href":"https:\/\/associata-ev.de\/verein\/wp-json\/wp\/v2\/pages"}],"about":[{"href":"https:\/\/associata-ev.de\/verein\/wp-json\/wp\/v2\/types\/page"}],"author":[{"embeddable":true,"href":"https:\/\/associata-ev.de\/verein\/wp-json\/wp\/v2\/users\/1"}],"replies":[{"embeddable":true,"href":"https:\/\/associata-ev.de\/verein\/wp-json\/wp\/v2\/comments?post=370"}],"version-history":[{"count":5,"href":"https:\/\/associata-ev.de\/verein\/wp-json\/wp\/v2\/pages\/370\/revisions"}],"predecessor-version":[{"id":1478,"href":"https:\/\/associata-ev.de\/verein\/wp-json\/wp\/v2\/pages\/370\/revisions\/1478"}],"wp:attachment":[{"href":"https:\/\/associata-ev.de\/verein\/wp-json\/wp\/v2\/media?parent=370"}],"curies":[{"name":"wp","href":"https:\/\/api.w.org\/{rel}","templated":true}]}}