{"id":376,"date":"2023-03-11T20:42:07","date_gmt":"2023-03-11T19:42:07","guid":{"rendered":"https:\/\/associata-ev.de\/?page_id=376"},"modified":"2025-03-18T19:52:09","modified_gmt":"2025-03-18T18:52:09","slug":"foej","status":"publish","type":"page","link":"https:\/\/associata-ev.de\/verein\/foej\/","title":{"rendered":"F\u00d6J"},"content":{"rendered":"<p>Der Distelhof ist Vereinssitz von Associata e.V. und anerkannte Einsatzstelle des F\u00d6J in Zusammenarbeit mit dem ijgd, Potsdam. Jugendliche oder junge Erwachsene erleben f\u00fcr ein Jahr die Arbeit und die Aktivit\u00e4ten des Vereins im Distelhof. Das F\u00d6J beginnt jeweils am 1. September eines Jahres. Der Distelhof ist ein spannender und vielf\u00e4ltiger F\u00d6J-Ort f\u00fcr junge Menschen aus der Umgebung genauso wie aus anderen Regionen. Denn der Distelhof bietet ein F\u00d6J mit Wohnm\u00f6glichkeit w\u00e4hrend der Einsatzzeit. Weitere Informationen zum F\u00d6J:<br \/><a href=\"https:\/\/foej-brandenburg.ijgd.de\/infos-fuer-interessierte\/freiwilliges-oekologisches-jahr-foej\" target=\"_blank\" rel=\"noopener\">https:\/\/foej-brandenburg.ijgd.de\/infos-fuer-interessierte\/freiwilliges-oekologisches-jahr-foej<\/a><\/p>\n<p>Bitte informiert euch per Mail: info@associata-ev.de, ob der F\u00d6J-Platz f\u00fcr das jeweils kommende Jahr noch frei ist.<br \/>Mehr zum Distelhof: <a href=\"https:\/\/inklusionsort-distelhof.de\/\" target=\"_blank\" rel=\"noopener\">www.inklusionsort-distelhof.de<\/a><\/p>\n<p><a href=\"https:\/\/associata-ev.de\/wp-content\/uploads\/2025\/03\/FOeJ-Flyer.pdf\" target=\"_blank\" rel=\"noopener\">Komm\u2018 zu uns auf den Distelhof in der Prignitz.<\/a><\/p>\n<p>Wir freuen uns auf euch. Euer Team vom \u201eDistelhof\u201c, Associata e.V<\/p>\n<\/p>\n\n\n<hr class=\"wp-block-separator aligncenter has-alpha-channel-opacity is-style-wide\"\/>\n\n\n<h1 style=\"text-align: center;\">Tagebuch Eintr\u00e4ge von unseren F\u00d6J lern<\/h1>\n\n    <form action=\"https:\/\/associata-ev.de\/wp-admin\/admin-post.php\" method=\"post\" enctype=\"multipart\/form-data\" style=\"margin-bottom:2em;\">\n        <input type=\"hidden\" name=\"action\" value=\"guest_submit_entry\">\n        \n        <p>\n            <label for=\"title\">Titel:<\/label><br>\n            <input type=\"text\" name=\"title\" required>\n        <\/p>\n\n        <p>\n            <label for=\"content\">Inhalt:<\/label><br>\n            <textarea name=\"content\" rows=\"5\" required><\/textarea>\n        <\/p>\n\n        <p>\n            <label for=\"media\">Bild oder Video:<\/label><br>\n            <input type=\"file\" name=\"media\" accept=\"image\/*,video\/*\">\n        <\/p>\n\n        <p>\n            <label for=\"captcha\">Was ist 3 + 4? (Spamschutz)<\/label><br>\n            <input type=\"text\" name=\"captcha\" required>\n        <\/p>\n\n        <p>\n            <input type=\"submit\" value=\"Beitrag absenden\">\n        <\/p>\n    <\/form>\n    \n","protected":false},"excerpt":{"rendered":"<p>Der Distelhof ist Vereinssitz von Associata e.V. und anerkannte Einsatzstelle des F\u00d6J in Zusammenarbeit mit dem ijgd, Potsdam. Jugendliche oder junge Erwachsene erleben f\u00fcr ein Jahr die Arbeit und die Aktivit\u00e4ten des Vereins im Distelhof. Das F\u00d6J beginnt jeweils am 1. September eines Jahres. Der Distelhof ist ein spannender und vielf\u00e4ltiger F\u00d6J-Ort f\u00fcr junge Menschen aus der Umgebung genauso wie aus anderen Regionen. Denn der Distelhof bietet ein F\u00d6J mit Wohnm\u00f6glichkeit w\u00e4hrend der Einsatzzeit. Weitere Informationen zum F\u00d6J:https:\/\/foej-brandenburg.ijgd.de\/infos-fuer-interessierte\/freiwilliges-oekologisches-jahr-foej Bitte informiert euch per Mail: info@associata-ev.de, ob der F\u00d6J-Platz f\u00fcr das jeweils kommende Jahr noch frei ist.Mehr zum Distelhof: www.inklusionsort-distelhof.de Komm\u2018 zu uns auf den Distelhof in der Prignitz. Wir freuen uns auf euch. Euer Team vom \u201eDistelhof\u201c, Associata e.V Tagebuch Eintr\u00e4ge von unseren F\u00d6J lern<\/p>\n","protected":false},"author":1,"featured_media":0,"parent":0,"menu_order":0,"comment_status":"closed","ping_status":"closed","template":"","meta":{"_acf_changed":false,"footnotes":""},"class_list":["post-376","page","type-page","status-publish","hentry"],"acf":[],"yoast_head":"<!-- This site is optimized with the Yoast SEO plugin v26.9 - https:\/\/yoast.com\/product\/yoast-seo-wordpress\/ -->\n<title>F\u00d6J - Associata-e.V.<\/title>\n<meta name=\"description\" content=\"Associata-e.V. F\u00d6J\" \/>\n<meta name=\"robots\" content=\"index, follow, max-snippet:-1, max-image-preview:large, max-video-preview:-1\" \/>\n<link rel=\"canonical\" href=\"https:\/\/associata-ev.de\/verein\/foej\/\" \/>\n<meta property=\"og:locale\" content=\"de_DE\" \/>\n<meta property=\"og:type\" content=\"article\" \/>\n<meta property=\"og:title\" content=\"F\u00d6J - Associata-e.V.\" \/>\n<meta property=\"og:description\" content=\"Associata-e.V. F\u00d6J\" \/>\n<meta property=\"og:url\" content=\"https:\/\/associata-ev.de\/verein\/foej\/\" \/>\n<meta property=\"og:site_name\" content=\"Associata-e.V.\" \/>\n<meta property=\"article:modified_time\" content=\"2025-03-18T18:52:09+00:00\" \/>\n<meta name=\"twitter:card\" content=\"summary_large_image\" \/>\n<meta name=\"twitter:label1\" content=\"Gesch\u00e4tzte Lesezeit\" \/>\n\t<meta name=\"twitter:data1\" content=\"1\u00a0Minute\" \/>\n<script type=\"application\/ld+json\" class=\"yoast-schema-graph\">{\"@context\":\"https:\/\/schema.org\",\"@graph\":[{\"@type\":[\"Article\",\"BlogPosting\"],\"@id\":\"https:\/\/associata-ev.de\/verein\/foej\/#article\",\"isPartOf\":{\"@id\":\"https:\/\/associata-ev.de\/verein\/foej\/\"},\"author\":{\"name\":\"ReneKnopp\",\"@id\":\"https:\/\/associata-ev.de\/verein\/#\/schema\/person\/e73782c4f0cecc6663b33b456118525f\"},\"headline\":\"F\u00d6J\",\"datePublished\":\"2023-03-11T19:42:07+00:00\",\"dateModified\":\"2025-03-18T18:52:09+00:00\",\"mainEntityOfPage\":{\"@id\":\"https:\/\/associata-ev.de\/verein\/foej\/\"},\"wordCount\":155,\"publisher\":{\"@id\":\"https:\/\/associata-ev.de\/verein\/#organization\"},\"inLanguage\":\"de\"},{\"@type\":\"WebPage\",\"@id\":\"https:\/\/associata-ev.de\/verein\/foej\/\",\"url\":\"https:\/\/associata-ev.de\/verein\/foej\/\",\"name\":\"F\u00d6J - Associata-e.V.\",\"isPartOf\":{\"@id\":\"https:\/\/associata-ev.de\/verein\/#website\"},\"datePublished\":\"2023-03-11T19:42:07+00:00\",\"dateModified\":\"2025-03-18T18:52:09+00:00\",\"description\":\"Associata-e.V. F\u00d6J\",\"breadcrumb\":{\"@id\":\"https:\/\/associata-ev.de\/verein\/foej\/#breadcrumb\"},\"inLanguage\":\"de\",\"potentialAction\":[{\"@type\":\"ReadAction\",\"target\":[\"https:\/\/associata-ev.de\/verein\/foej\/\"]}]},{\"@type\":\"BreadcrumbList\",\"@id\":\"https:\/\/associata-ev.de\/verein\/foej\/#breadcrumb\",\"itemListElement\":[{\"@type\":\"ListItem\",\"position\":1,\"name\":\"Verein\",\"item\":\"https:\/\/associata-ev.de\/verein\/\"},{\"@type\":\"ListItem\",\"position\":2,\"name\":\"F\u00d6J\"}]},{\"@type\":\"WebSite\",\"@id\":\"https:\/\/associata-ev.de\/verein\/#website\",\"url\":\"https:\/\/associata-ev.de\/verein\/\",\"name\":\"Associata-e.V.\",\"description\":\"\",\"publisher\":{\"@id\":\"https:\/\/associata-ev.de\/verein\/#organization\"},\"potentialAction\":[{\"@type\":\"SearchAction\",\"target\":{\"@type\":\"EntryPoint\",\"urlTemplate\":\"https:\/\/associata-ev.de\/verein\/?s={search_term_string}\"},\"query-input\":{\"@type\":\"PropertyValueSpecification\",\"valueRequired\":true,\"valueName\":\"search_term_string\"}}],\"inLanguage\":\"de\"},{\"@type\":\"Organization\",\"@id\":\"https:\/\/associata-ev.de\/verein\/#organization\",\"name\":\"Associata e.V.\",\"url\":\"https:\/\/associata-ev.de\/verein\/\",\"logo\":{\"@type\":\"ImageObject\",\"inLanguage\":\"de\",\"@id\":\"https:\/\/associata-ev.de\/verein\/#\/schema\/logo\/image\/\",\"url\":\"https:\/\/associata-ev.de\/wp-content\/uploads\/2023\/03\/IMG-20230312-WA0021-2.png\",\"contentUrl\":\"https:\/\/associata-ev.de\/wp-content\/uploads\/2023\/03\/IMG-20230312-WA0021-2.png\",\"width\":1200,\"height\":297,\"caption\":\"Associata e.V.\"},\"image\":{\"@id\":\"https:\/\/associata-ev.de\/verein\/#\/schema\/logo\/image\/\"}},{\"@type\":\"Person\",\"@id\":\"https:\/\/associata-ev.de\/verein\/#\/schema\/person\/e73782c4f0cecc6663b33b456118525f\",\"name\":\"ReneKnopp\",\"image\":{\"@type\":\"ImageObject\",\"inLanguage\":\"de\",\"@id\":\"https:\/\/associata-ev.de\/verein\/#\/schema\/person\/image\/\",\"url\":\"https:\/\/secure.gravatar.com\/avatar\/79a2e70279472c96f215f3e85d1f1152ef5abd1cbb4778b50af4e74cf37c6ea1?s=96&d=mm&r=g\",\"contentUrl\":\"https:\/\/secure.gravatar.com\/avatar\/79a2e70279472c96f215f3e85d1f1152ef5abd1cbb4778b50af4e74cf37c6ea1?s=96&d=mm&r=g\",\"caption\":\"ReneKnopp\"},\"sameAs\":[\"https:\/\/associata-ev.de\"],\"url\":\"https:\/\/associata-ev.de\/verein\/author\/reneknopp\/\"}]}<\/script>\n<!-- \/ Yoast SEO plugin. -->","yoast_head_json":{"title":"F\u00d6J - Associata-e.V.","description":"Associata-e.V. F\u00d6J","robots":{"index":"index","follow":"follow","max-snippet":"max-snippet:-1","max-image-preview":"max-image-preview:large","max-video-preview":"max-video-preview:-1"},"canonical":"https:\/\/associata-ev.de\/verein\/foej\/","og_locale":"de_DE","og_type":"article","og_title":"F\u00d6J - Associata-e.V.","og_description":"Associata-e.V. F\u00d6J","og_url":"https:\/\/associata-ev.de\/verein\/foej\/","og_site_name":"Associata-e.V.","article_modified_time":"2025-03-18T18:52:09+00:00","twitter_card":"summary_large_image","twitter_misc":{"Gesch\u00e4tzte Lesezeit":"1\u00a0Minute"},"schema":{"@context":"https:\/\/schema.org","@graph":[{"@type":["Article","BlogPosting"],"@id":"https:\/\/associata-ev.de\/verein\/foej\/#article","isPartOf":{"@id":"https:\/\/associata-ev.de\/verein\/foej\/"},"author":{"name":"ReneKnopp","@id":"https:\/\/associata-ev.de\/verein\/#\/schema\/person\/e73782c4f0cecc6663b33b456118525f"},"headline":"F\u00d6J","datePublished":"2023-03-11T19:42:07+00:00","dateModified":"2025-03-18T18:52:09+00:00","mainEntityOfPage":{"@id":"https:\/\/associata-ev.de\/verein\/foej\/"},"wordCount":155,"publisher":{"@id":"https:\/\/associata-ev.de\/verein\/#organization"},"inLanguage":"de"},{"@type":"WebPage","@id":"https:\/\/associata-ev.de\/verein\/foej\/","url":"https:\/\/associata-ev.de\/verein\/foej\/","name":"F\u00d6J - Associata-e.V.","isPartOf":{"@id":"https:\/\/associata-ev.de\/verein\/#website"},"datePublished":"2023-03-11T19:42:07+00:00","dateModified":"2025-03-18T18:52:09+00:00","description":"Associata-e.V. F\u00d6J","breadcrumb":{"@id":"https:\/\/associata-ev.de\/verein\/foej\/#breadcrumb"},"inLanguage":"de","potentialAction":[{"@type":"ReadAction","target":["https:\/\/associata-ev.de\/verein\/foej\/"]}]},{"@type":"BreadcrumbList","@id":"https:\/\/associata-ev.de\/verein\/foej\/#breadcrumb","itemListElement":[{"@type":"ListItem","position":1,"name":"Verein","item":"https:\/\/associata-ev.de\/verein\/"},{"@type":"ListItem","position":2,"name":"F\u00d6J"}]},{"@type":"WebSite","@id":"https:\/\/associata-ev.de\/verein\/#website","url":"https:\/\/associata-ev.de\/verein\/","name":"Associata-e.V.","description":"","publisher":{"@id":"https:\/\/associata-ev.de\/verein\/#organization"},"potentialAction":[{"@type":"SearchAction","target":{"@type":"EntryPoint","urlTemplate":"https:\/\/associata-ev.de\/verein\/?s={search_term_string}"},"query-input":{"@type":"PropertyValueSpecification","valueRequired":true,"valueName":"search_term_string"}}],"inLanguage":"de"},{"@type":"Organization","@id":"https:\/\/associata-ev.de\/verein\/#organization","name":"Associata e.V.","url":"https:\/\/associata-ev.de\/verein\/","logo":{"@type":"ImageObject","inLanguage":"de","@id":"https:\/\/associata-ev.de\/verein\/#\/schema\/logo\/image\/","url":"https:\/\/associata-ev.de\/wp-content\/uploads\/2023\/03\/IMG-20230312-WA0021-2.png","contentUrl":"https:\/\/associata-ev.de\/wp-content\/uploads\/2023\/03\/IMG-20230312-WA0021-2.png","width":1200,"height":297,"caption":"Associata e.V."},"image":{"@id":"https:\/\/associata-ev.de\/verein\/#\/schema\/logo\/image\/"}},{"@type":"Person","@id":"https:\/\/associata-ev.de\/verein\/#\/schema\/person\/e73782c4f0cecc6663b33b456118525f","name":"ReneKnopp","image":{"@type":"ImageObject","inLanguage":"de","@id":"https:\/\/associata-ev.de\/verein\/#\/schema\/person\/image\/","url":"https:\/\/secure.gravatar.com\/avatar\/79a2e70279472c96f215f3e85d1f1152ef5abd1cbb4778b50af4e74cf37c6ea1?s=96&d=mm&r=g","contentUrl":"https:\/\/secure.gravatar.com\/avatar\/79a2e70279472c96f215f3e85d1f1152ef5abd1cbb4778b50af4e74cf37c6ea1?s=96&d=mm&r=g","caption":"ReneKnopp"},"sameAs":["https:\/\/associata-ev.de"],"url":"https:\/\/associata-ev.de\/verein\/author\/reneknopp\/"}]}},"_links":{"self":[{"href":"https:\/\/associata-ev.de\/verein\/wp-json\/wp\/v2\/pages\/376","targetHints":{"allow":["GET"]}}],"collection":[{"href":"https:\/\/associata-ev.de\/verein\/wp-json\/wp\/v2\/pages"}],"about":[{"href":"https:\/\/associata-ev.de\/verein\/wp-json\/wp\/v2\/types\/page"}],"author":[{"embeddable":true,"href":"https:\/\/associata-ev.de\/verein\/wp-json\/wp\/v2\/users\/1"}],"replies":[{"embeddable":true,"href":"https:\/\/associata-ev.de\/verein\/wp-json\/wp\/v2\/comments?post=376"}],"version-history":[{"count":10,"href":"https:\/\/associata-ev.de\/verein\/wp-json\/wp\/v2\/pages\/376\/revisions"}],"predecessor-version":[{"id":2561,"href":"https:\/\/associata-ev.de\/verein\/wp-json\/wp\/v2\/pages\/376\/revisions\/2561"}],"wp:attachment":[{"href":"https:\/\/associata-ev.de\/verein\/wp-json\/wp\/v2\/media?parent=376"}],"curies":[{"name":"wp","href":"https:\/\/api.w.org\/{rel}","templated":true}]}}

FÖJ

<p>Der Distelhof ist Vereinssitz von Associata e.V. und anerkannte Einsatzstelle des FÖJ in Zusammenarbeit mit dem ijgd, Potsdam. Jugendliche oder junge Erwachsene erleben für ein Jahr die Arbeit und die Aktivitäten des Vereins im Distelhof. Das FÖJ beginnt jeweils am 1. September eines Jahres. Der Distelhof ist ein spannender und vielfältiger FÖJ-Ort für junge Menschen aus der Umgebung genauso wie aus anderen Regionen. Denn der Distelhof bietet ein FÖJ mit Wohnmöglichkeit während der Einsatzzeit. Weitere Informationen zum FÖJ:<br /><a href="https://foej-brandenburg.ijgd.de/infos-fuer-interessierte/freiwilliges-oekologisches-jahr-foej" target="_blank" rel="noopener">https://foej-brandenburg.ijgd.de/infos-fuer-interessierte/freiwilliges-oekologisches-jahr-foej</a></p>
<p>Bitte informiert euch per Mail: info@associata-ev.de, ob der FÖJ-Platz für das jeweils kommende Jahr noch frei ist.<br />Mehr zum Distelhof: <a href="https://inklusionsort-distelhof.de/" target="_blank" rel="noopener">www.inklusionsort-distelhof.de</a></p>
<p><a href="https://associata-ev.de/wp-content/uploads/2025/03/FOeJ-Flyer.pdf" target="_blank" rel="noopener">Komm‘ zu uns auf den Distelhof in der Prignitz.</a></p>
<p>Wir freuen uns auf euch. Euer Team vom „Distelhof“, Associata e.V</p>
</p>


<hr class="wp-block-separator aligncenter has-alpha-channel-opacity is-style-wide"/>


<h1 style="text-align: center;">Tagebuch Einträge von unseren FÖJ lern</h1>

    <form action="https://associata-ev.de/wp-admin/admin-post.php" method="post" enctype="multipart/form-data" style="margin-bottom:2em;">
        <input type="hidden" name="action" value="guest_submit_entry">
        
        <p>
            <label for="title">Titel:</label><br>
            <input type="text" name="title" required>
        </p>

        <p>
            <label for="content">Inhalt:</label><br>
            <textarea name="content" rows="5" required></textarea>
        </p>

        <p>
            <label for="media">Bild oder Video:</label><br>
            <input type="file" name="media" accept="image/*,video/*">
        </p>

        <p>
            <label for="captcha">Was ist 3 + 4? (Spamschutz)</label><br>
            <input type="text" name="captcha" required>
        </p>

        <p>
            <input type="submit" value="Beitrag absenden">
        </p>
    </form>

<p>Der Distelhof ist Vereinssitz von Associata e.V. und anerkannte Einsatzstelle des FÖJ in Zusammenarbeit mit dem ijgd, Potsdam. Jugendliche oder junge Erwachsene erleben für ein Jahr die Arbeit und die Aktivitäten des Vereins im Distelhof. Das FÖJ beginnt jeweils am 1. September eines Jahres. Der Distelhof ist ein spannender und vielfältiger FÖJ-Ort für junge Menschen aus der Umgebung genauso wie aus anderen Regionen. Denn der Distelhof bietet ein FÖJ mit Wohnmöglichkeit während der Einsatzzeit. Weitere Informationen zum FÖJ:https://foej-brandenburg.ijgd.de/infos-fuer-interessierte/freiwilliges-oekologisches-jahr-foej Bitte informiert euch per Mail: info@associata-ev.de, ob der FÖJ-Platz für das jeweils kommende Jahr noch frei ist.Mehr zum Distelhof: www.inklusionsort-distelhof.de Komm‘ zu uns auf den Distelhof in der Prignitz. Wir freuen uns auf euch. Euer Team vom „Distelhof“, Associata e.V Tagebuch Einträge von unseren FÖJ lern</p>

<!-- This site is optimized with the Yoast SEO plugin v26.9 - https://yoast.com/product/yoast-seo-wordpress/ -->
<title>FÖJ - Associata-e.V.</title>
<meta name="description" content="Associata-e.V. FÖJ" />
<meta name="robots" content="index, follow, max-snippet:-1, max-image-preview:large, max-video-preview:-1" />
<link rel="canonical" href="https://associata-ev.de/verein/foej/" />
<meta property="og:locale" content="de_DE" />
<meta property="og:type" content="article" />
<meta property="og:title" content="FÖJ - Associata-e.V." />
<meta property="og:description" content="Associata-e.V. FÖJ" />
<meta property="og:url" content="https://associata-ev.de/verein/foej/" />
<meta property="og:site_name" content="Associata-e.V." />
<meta property="article:modified_time" content="2025-03-18T18:52:09+00:00" />
<meta name="twitter:card" content="summary_large_image" />
<meta name="twitter:label1" content="Geschätzte Lesezeit" />
	<meta name="twitter:data1" content="1 Minute" />
<script type="application/ld+json" class="yoast-schema-graph">{"@context":"https://schema.org","@graph":[{"@type":["Article","BlogPosting"],"@id":"https://associata-ev.de/verein/foej/#article","isPartOf":{"@id":"https://associata-ev.de/verein/foej/"},"author":{"name":"ReneKnopp","@id":"https://associata-ev.de/verein/#/schema/person/e73782c4f0cecc6663b33b456118525f"},"headline":"FÖJ","datePublished":"2023-03-11T19:42:07+00:00","dateModified":"2025-03-18T18:52:09+00:00","mainEntityOfPage":{"@id":"https://associata-ev.de/verein/foej/"},"wordCount":155,"publisher":{"@id":"https://associata-ev.de/verein/#organization"},"inLanguage":"de"},{"@type":"WebPage","@id":"https://associata-ev.de/verein/foej/","url":"https://associata-ev.de/verein/foej/","name":"FÖJ - Associata-e.V.","isPartOf":{"@id":"https://associata-ev.de/verein/#website"},"datePublished":"2023-03-11T19:42:07+00:00","dateModified":"2025-03-18T18:52:09+00:00","description":"Associata-e.V. FÖJ","breadcrumb":{"@id":"https://associata-ev.de/verein/foej/#breadcrumb"},"inLanguage":"de","potentialAction":[{"@type":"ReadAction","target":["https://associata-ev.de/verein/foej/"]}]},{"@type":"BreadcrumbList","@id":"https://associata-ev.de/verein/foej/#breadcrumb","itemListElement":[{"@type":"ListItem","position":1,"name":"Verein","item":"https://associata-ev.de/verein/"},{"@type":"ListItem","position":2,"name":"FÖJ"}]},{"@type":"WebSite","@id":"https://associata-ev.de/verein/#website","url":"https://associata-ev.de/verein/","name":"Associata-e.V.","description":"","publisher":{"@id":"https://associata-ev.de/verein/#organization"},"potentialAction":[{"@type":"SearchAction","target":{"@type":"EntryPoint","urlTemplate":"https://associata-ev.de/verein/?s={search_term_string}"},"query-input":{"@type":"PropertyValueSpecification","valueRequired":true,"valueName":"search_term_string"}}],"inLanguage":"de"},{"@type":"Organization","@id":"https://associata-ev.de/verein/#organization","name":"Associata e.V.","url":"https://associata-ev.de/verein/","logo":{"@type":"ImageObject","inLanguage":"de","@id":"https://associata-ev.de/verein/#/schema/logo/image/","url":"https://associata-ev.de/wp-content/uploads/2023/03/IMG-20230312-WA0021-2.png","contentUrl":"https://associata-ev.de/wp-content/uploads/2023/03/IMG-20230312-WA0021-2.png","width":1200,"height":297,"caption":"Associata e.V."},"image":{"@id":"https://associata-ev.de/verein/#/schema/logo/image/"}},{"@type":"Person","@id":"https://associata-ev.de/verein/#/schema/person/e73782c4f0cecc6663b33b456118525f","name":"ReneKnopp","image":{"@type":"ImageObject","inLanguage":"de","@id":"https://associata-ev.de/verein/#/schema/person/image/","url":"https://secure.gravatar.com/avatar/79a2e70279472c96f215f3e85d1f1152ef5abd1cbb4778b50af4e74cf37c6ea1?s=96&d=mm&r=g","contentUrl":"https://secure.gravatar.com/avatar/79a2e70279472c96f215f3e85d1f1152ef5abd1cbb4778b50af4e74cf37c6ea1?s=96&d=mm&r=g","caption":"ReneKnopp"},"sameAs":["https://associata-ev.de"],"url":"https://associata-ev.de/verein/author/reneknopp/"}]}</script>
<!-- / Yoast SEO plugin. -->

FÖJ - Associata-e.V.

Associata-e.V. FÖJ
