{"id":380,"date":"2023-03-11T20:43:37","date_gmt":"2023-03-11T19:43:37","guid":{"rendered":"https:\/\/associata-ev.de\/?page_id=380"},"modified":"2023-08-12T21:03:12","modified_gmt":"2023-08-12T19:03:12","slug":"ehrenamtliche-mitarbeit","status":"publish","type":"page","link":"https:\/\/associata-ev.de\/verein\/ehrenamtliche-mitarbeit\/","title":{"rendered":"Ehrenamtliche Mitarbeit"},"content":{"rendered":"<ul>\n<li style=\"list-style-type: none;\">Wir freuen uns \u00fcber Unterst\u00fctzer*innen, die sich ehrenamtlich f\u00fcr Associata e.V. und den Distelhof engagieren und gern mitgestalten m\u00f6chten:<\/li>\n<\/ul>\n<ul>\n<li>Pflege, Instandhaltung und kleine Reparaturen in Haus und Hof<\/li>\n<\/ul>\n<ul>\n<li>Gartengestaltung und Pflege<\/li>\n<\/ul>\n<ul>\n<li>Pflege und Betreuung der Tiere auf dem Distelhof, auch Weide- und Stallarbeit<\/li>\n<\/ul>\n<ul>\n<li>Vorbereitung von Veranstaltungen<\/li>\n<\/ul>\n<ul>\n<li>und vielf\u00e4ltige Organisationsaufgaben<\/li>\n<\/ul>\n<ul>\nIn den Ferien und am Wochenende oder auch stundenweise in der Woche seid ihr herzlich willkommen. Auch \u201eUrlaub f\u00fcr Hand\u201c ist bei uns m\u00f6glich: Im eigenen Zelt, Wohnwagen oder Wohnmobil. Schlafm\u00f6glichkeit auch im Vereins-Zelt-Tipi oder nach Verf\u00fcgbarkeit im Haus. Nutzung der Vereinsk\u00fcche und des Sanit\u00e4rbereiches im Haus oder naturnah outdoor. Geeignet auch f\u00fcr Eltern mit Kind\/ern. Bitte gern weitersagen&#8230; Danke<br \/>\nKontakt bitte per Mail: info@associata-ev.de.<br \/>\nGern mit Telefon-Nr., dann melden wir uns bei Ihnen\/Dir<br \/>\nDas Team von Associata e.V.<\/p>\n","protected":false},"excerpt":{"rendered":"<p>Wir freuen uns \u00fcber Unterst\u00fctzer*innen, die sich ehrenamtlich f\u00fcr Associata e.V. und den Distelhof engagieren und gern mitgestalten m\u00f6chten: Pflege, Instandhaltung und kleine Reparaturen in Haus und Hof Gartengestaltung und Pflege Pflege und Betreuung der Tiere auf dem Distelhof, auch Weide- und Stallarbeit Vorbereitung von Veranstaltungen und vielf\u00e4ltige Organisationsaufgaben In den Ferien und am Wochenende oder auch stundenweise in der Woche seid ihr herzlich willkommen. Auch \u201eUrlaub f\u00fcr Hand\u201c ist bei uns m\u00f6glich: Im eigenen Zelt, Wohnwagen oder Wohnmobil. Schlafm\u00f6glichkeit auch im Vereins-Zelt-Tipi oder nach Verf\u00fcgbarkeit im Haus. Nutzung der Vereinsk\u00fcche und des Sanit\u00e4rbereiches im Haus oder naturnah outdoor. Geeignet auch f\u00fcr Eltern mit Kind\/ern. Bitte gern weitersagen&#8230; Danke Kontakt bitte per Mail: info@associata-ev.de. Gern mit Telefon-Nr., dann melden wir uns bei Ihnen\/Dir Das Team von Associata e.V.<\/p>\n","protected":false},"author":1,"featured_media":0,"parent":0,"menu_order":0,"comment_status":"closed","ping_status":"closed","template":"","meta":{"_acf_changed":false,"footnotes":""},"class_list":["post-380","page","type-page","status-publish","hentry"],"acf":[],"yoast_head":"<!-- This site is optimized with the Yoast SEO plugin v26.9 - https:\/\/yoast.com\/product\/yoast-seo-wordpress\/ -->\n<title>Ehrenamtliche Mitarbeit - Associata-e.V.<\/title>\n<meta name=\"description\" content=\"Associata-e.V. Ehrenamtliche Mitarbeit\" \/>\n<meta name=\"robots\" content=\"index, follow, max-snippet:-1, max-image-preview:large, max-video-preview:-1\" \/>\n<link rel=\"canonical\" href=\"https:\/\/associata-ev.de\/verein\/ehrenamtliche-mitarbeit\/\" \/>\n<meta property=\"og:locale\" content=\"de_DE\" \/>\n<meta property=\"og:type\" content=\"article\" \/>\n<meta property=\"og:title\" content=\"Ehrenamtliche Mitarbeit - Associata-e.V.\" \/>\n<meta property=\"og:description\" content=\"Associata-e.V. Ehrenamtliche Mitarbeit\" \/>\n<meta property=\"og:url\" content=\"https:\/\/associata-ev.de\/verein\/ehrenamtliche-mitarbeit\/\" \/>\n<meta property=\"og:site_name\" content=\"Associata-e.V.\" \/>\n<meta property=\"article:modified_time\" content=\"2023-08-12T19:03:12+00:00\" \/>\n<meta name=\"twitter:card\" content=\"summary_large_image\" \/>\n<meta name=\"twitter:label1\" content=\"Gesch\u00e4tzte Lesezeit\" \/>\n\t<meta name=\"twitter:data1\" content=\"1\u00a0Minute\" \/>\n<script type=\"application\/ld+json\" class=\"yoast-schema-graph\">{\"@context\":\"https:\/\/schema.org\",\"@graph\":[{\"@type\":[\"Article\",\"BlogPosting\"],\"@id\":\"https:\/\/associata-ev.de\/verein\/ehrenamtliche-mitarbeit\/#article\",\"isPartOf\":{\"@id\":\"https:\/\/associata-ev.de\/verein\/ehrenamtliche-mitarbeit\/\"},\"author\":{\"name\":\"ReneKnopp\",\"@id\":\"https:\/\/associata-ev.de\/verein\/#\/schema\/person\/e73782c4f0cecc6663b33b456118525f\"},\"headline\":\"Ehrenamtliche Mitarbeit\",\"datePublished\":\"2023-03-11T19:43:37+00:00\",\"dateModified\":\"2023-08-12T19:03:12+00:00\",\"mainEntityOfPage\":{\"@id\":\"https:\/\/associata-ev.de\/verein\/ehrenamtliche-mitarbeit\/\"},\"wordCount\":148,\"publisher\":{\"@id\":\"https:\/\/associata-ev.de\/verein\/#organization\"},\"inLanguage\":\"de\"},{\"@type\":\"WebPage\",\"@id\":\"https:\/\/associata-ev.de\/verein\/ehrenamtliche-mitarbeit\/\",\"url\":\"https:\/\/associata-ev.de\/verein\/ehrenamtliche-mitarbeit\/\",\"name\":\"Ehrenamtliche Mitarbeit - Associata-e.V.\",\"isPartOf\":{\"@id\":\"https:\/\/associata-ev.de\/verein\/#website\"},\"datePublished\":\"2023-03-11T19:43:37+00:00\",\"dateModified\":\"2023-08-12T19:03:12+00:00\",\"description\":\"Associata-e.V. Ehrenamtliche Mitarbeit\",\"breadcrumb\":{\"@id\":\"https:\/\/associata-ev.de\/verein\/ehrenamtliche-mitarbeit\/#breadcrumb\"},\"inLanguage\":\"de\",\"potentialAction\":[{\"@type\":\"ReadAction\",\"target\":[\"https:\/\/associata-ev.de\/verein\/ehrenamtliche-mitarbeit\/\"]}]},{\"@type\":\"BreadcrumbList\",\"@id\":\"https:\/\/associata-ev.de\/verein\/ehrenamtliche-mitarbeit\/#breadcrumb\",\"itemListElement\":[{\"@type\":\"ListItem\",\"position\":1,\"name\":\"Verein\",\"item\":\"https:\/\/associata-ev.de\/verein\/\"},{\"@type\":\"ListItem\",\"position\":2,\"name\":\"Ehrenamtliche Mitarbeit\"}]},{\"@type\":\"WebSite\",\"@id\":\"https:\/\/associata-ev.de\/verein\/#website\",\"url\":\"https:\/\/associata-ev.de\/verein\/\",\"name\":\"Associata-e.V.\",\"description\":\"\",\"publisher\":{\"@id\":\"https:\/\/associata-ev.de\/verein\/#organization\"},\"potentialAction\":[{\"@type\":\"SearchAction\",\"target\":{\"@type\":\"EntryPoint\",\"urlTemplate\":\"https:\/\/associata-ev.de\/verein\/?s={search_term_string}\"},\"query-input\":{\"@type\":\"PropertyValueSpecification\",\"valueRequired\":true,\"valueName\":\"search_term_string\"}}],\"inLanguage\":\"de\"},{\"@type\":\"Organization\",\"@id\":\"https:\/\/associata-ev.de\/verein\/#organization\",\"name\":\"Associata e.V.\",\"url\":\"https:\/\/associata-ev.de\/verein\/\",\"logo\":{\"@type\":\"ImageObject\",\"inLanguage\":\"de\",\"@id\":\"https:\/\/associata-ev.de\/verein\/#\/schema\/logo\/image\/\",\"url\":\"https:\/\/associata-ev.de\/wp-content\/uploads\/2023\/03\/IMG-20230312-WA0021-2.png\",\"contentUrl\":\"https:\/\/associata-ev.de\/wp-content\/uploads\/2023\/03\/IMG-20230312-WA0021-2.png\",\"width\":1200,\"height\":297,\"caption\":\"Associata e.V.\"},\"image\":{\"@id\":\"https:\/\/associata-ev.de\/verein\/#\/schema\/logo\/image\/\"}},{\"@type\":\"Person\",\"@id\":\"https:\/\/associata-ev.de\/verein\/#\/schema\/person\/e73782c4f0cecc6663b33b456118525f\",\"name\":\"ReneKnopp\",\"image\":{\"@type\":\"ImageObject\",\"inLanguage\":\"de\",\"@id\":\"https:\/\/associata-ev.de\/verein\/#\/schema\/person\/image\/\",\"url\":\"https:\/\/secure.gravatar.com\/avatar\/79a2e70279472c96f215f3e85d1f1152ef5abd1cbb4778b50af4e74cf37c6ea1?s=96&d=mm&r=g\",\"contentUrl\":\"https:\/\/secure.gravatar.com\/avatar\/79a2e70279472c96f215f3e85d1f1152ef5abd1cbb4778b50af4e74cf37c6ea1?s=96&d=mm&r=g\",\"caption\":\"ReneKnopp\"},\"sameAs\":[\"https:\/\/associata-ev.de\"],\"url\":\"https:\/\/associata-ev.de\/verein\/author\/reneknopp\/\"}]}<\/script>\n<!-- \/ Yoast SEO plugin. -->","yoast_head_json":{"title":"Ehrenamtliche Mitarbeit - Associata-e.V.","description":"Associata-e.V. Ehrenamtliche Mitarbeit","robots":{"index":"index","follow":"follow","max-snippet":"max-snippet:-1","max-image-preview":"max-image-preview:large","max-video-preview":"max-video-preview:-1"},"canonical":"https:\/\/associata-ev.de\/verein\/ehrenamtliche-mitarbeit\/","og_locale":"de_DE","og_type":"article","og_title":"Ehrenamtliche Mitarbeit - Associata-e.V.","og_description":"Associata-e.V. Ehrenamtliche Mitarbeit","og_url":"https:\/\/associata-ev.de\/verein\/ehrenamtliche-mitarbeit\/","og_site_name":"Associata-e.V.","article_modified_time":"2023-08-12T19:03:12+00:00","twitter_card":"summary_large_image","twitter_misc":{"Gesch\u00e4tzte Lesezeit":"1\u00a0Minute"},"schema":{"@context":"https:\/\/schema.org","@graph":[{"@type":["Article","BlogPosting"],"@id":"https:\/\/associata-ev.de\/verein\/ehrenamtliche-mitarbeit\/#article","isPartOf":{"@id":"https:\/\/associata-ev.de\/verein\/ehrenamtliche-mitarbeit\/"},"author":{"name":"ReneKnopp","@id":"https:\/\/associata-ev.de\/verein\/#\/schema\/person\/e73782c4f0cecc6663b33b456118525f"},"headline":"Ehrenamtliche Mitarbeit","datePublished":"2023-03-11T19:43:37+00:00","dateModified":"2023-08-12T19:03:12+00:00","mainEntityOfPage":{"@id":"https:\/\/associata-ev.de\/verein\/ehrenamtliche-mitarbeit\/"},"wordCount":148,"publisher":{"@id":"https:\/\/associata-ev.de\/verein\/#organization"},"inLanguage":"de"},{"@type":"WebPage","@id":"https:\/\/associata-ev.de\/verein\/ehrenamtliche-mitarbeit\/","url":"https:\/\/associata-ev.de\/verein\/ehrenamtliche-mitarbeit\/","name":"Ehrenamtliche Mitarbeit - Associata-e.V.","isPartOf":{"@id":"https:\/\/associata-ev.de\/verein\/#website"},"datePublished":"2023-03-11T19:43:37+00:00","dateModified":"2023-08-12T19:03:12+00:00","description":"Associata-e.V. Ehrenamtliche Mitarbeit","breadcrumb":{"@id":"https:\/\/associata-ev.de\/verein\/ehrenamtliche-mitarbeit\/#breadcrumb"},"inLanguage":"de","potentialAction":[{"@type":"ReadAction","target":["https:\/\/associata-ev.de\/verein\/ehrenamtliche-mitarbeit\/"]}]},{"@type":"BreadcrumbList","@id":"https:\/\/associata-ev.de\/verein\/ehrenamtliche-mitarbeit\/#breadcrumb","itemListElement":[{"@type":"ListItem","position":1,"name":"Verein","item":"https:\/\/associata-ev.de\/verein\/"},{"@type":"ListItem","position":2,"name":"Ehrenamtliche Mitarbeit"}]},{"@type":"WebSite","@id":"https:\/\/associata-ev.de\/verein\/#website","url":"https:\/\/associata-ev.de\/verein\/","name":"Associata-e.V.","description":"","publisher":{"@id":"https:\/\/associata-ev.de\/verein\/#organization"},"potentialAction":[{"@type":"SearchAction","target":{"@type":"EntryPoint","urlTemplate":"https:\/\/associata-ev.de\/verein\/?s={search_term_string}"},"query-input":{"@type":"PropertyValueSpecification","valueRequired":true,"valueName":"search_term_string"}}],"inLanguage":"de"},{"@type":"Organization","@id":"https:\/\/associata-ev.de\/verein\/#organization","name":"Associata e.V.","url":"https:\/\/associata-ev.de\/verein\/","logo":{"@type":"ImageObject","inLanguage":"de","@id":"https:\/\/associata-ev.de\/verein\/#\/schema\/logo\/image\/","url":"https:\/\/associata-ev.de\/wp-content\/uploads\/2023\/03\/IMG-20230312-WA0021-2.png","contentUrl":"https:\/\/associata-ev.de\/wp-content\/uploads\/2023\/03\/IMG-20230312-WA0021-2.png","width":1200,"height":297,"caption":"Associata e.V."},"image":{"@id":"https:\/\/associata-ev.de\/verein\/#\/schema\/logo\/image\/"}},{"@type":"Person","@id":"https:\/\/associata-ev.de\/verein\/#\/schema\/person\/e73782c4f0cecc6663b33b456118525f","name":"ReneKnopp","image":{"@type":"ImageObject","inLanguage":"de","@id":"https:\/\/associata-ev.de\/verein\/#\/schema\/person\/image\/","url":"https:\/\/secure.gravatar.com\/avatar\/79a2e70279472c96f215f3e85d1f1152ef5abd1cbb4778b50af4e74cf37c6ea1?s=96&d=mm&r=g","contentUrl":"https:\/\/secure.gravatar.com\/avatar\/79a2e70279472c96f215f3e85d1f1152ef5abd1cbb4778b50af4e74cf37c6ea1?s=96&d=mm&r=g","caption":"ReneKnopp"},"sameAs":["https:\/\/associata-ev.de"],"url":"https:\/\/associata-ev.de\/verein\/author\/reneknopp\/"}]}},"_links":{"self":[{"href":"https:\/\/associata-ev.de\/verein\/wp-json\/wp\/v2\/pages\/380","targetHints":{"allow":["GET"]}}],"collection":[{"href":"https:\/\/associata-ev.de\/verein\/wp-json\/wp\/v2\/pages"}],"about":[{"href":"https:\/\/associata-ev.de\/verein\/wp-json\/wp\/v2\/types\/page"}],"author":[{"embeddable":true,"href":"https:\/\/associata-ev.de\/verein\/wp-json\/wp\/v2\/users\/1"}],"replies":[{"embeddable":true,"href":"https:\/\/associata-ev.de\/verein\/wp-json\/wp\/v2\/comments?post=380"}],"version-history":[{"count":3,"href":"https:\/\/associata-ev.de\/verein\/wp-json\/wp\/v2\/pages\/380\/revisions"}],"predecessor-version":[{"id":1546,"href":"https:\/\/associata-ev.de\/verein\/wp-json\/wp\/v2\/pages\/380\/revisions\/1546"}],"wp:attachment":[{"href":"https:\/\/associata-ev.de\/verein\/wp-json\/wp\/v2\/media?parent=380"}],"curies":[{"name":"wp","href":"https:\/\/api.w.org\/{rel}","templated":true}]}}